{"id":1025,"date":"2022-08-10T15:26:48","date_gmt":"2022-08-10T13:26:48","guid":{"rendered":"http:\/\/kiosque.ecoledesponts.fr\/rapport-activite-2021\/?page_id=1025"},"modified":"2023-01-02T16:44:29","modified_gmt":"2023-01-02T15:44:29","slug":"strateole-2","status":"publish","type":"page","link":"https:\/\/kiosque.ecoledesponts.fr\/rapport-activite-2021\/chercher-et-innover\/gestion-des-risques-des-ressources-et-des-milieux\/faits-marquants\/strateole-2\/","title":{"rendered":"Strat\u00e9ole\u00a02"},"content":{"rendered":"<!--themify_builder_content-->\n<div id=\"themify_builder_content-1025\" data-postid=\"1025\" class=\"themify_builder_content themify_builder_content-1025 themify_builder tf_clear\">\n    <\/div>\n<!--\/themify_builder_content-->\n\n<p>Fin 2021, des ballons capables de voler pendant trois mois \u00e0 une altitude de 18 \u00e0 20\u00a0km ont d\u00e9coll\u00e9 des Seychelles afin d\u2019\u00e9tudier la dynamique atmosph\u00e9rique dans la strato\u00adsph\u00e8re \u00e9quatoriale. La campagne Strat\u00e9ole\u00a02 est conduite par des chercheurs du LMD sous l\u2019\u00e9gide du CNRS et du Cnes avec plusieurs partenaires internationaux.<\/p>\n<p><img decoding=\"async\" loading=\"lazy\" class=\"alignnone size-medium wp-image-2663\" src=\"http:\/\/kiosque.ecoledesponts.fr\/rapport-activite-2021\/wp-content\/uploads\/sites\/3\/2022\/08\/strateole2-271x300.png\" alt=\"strat\u00e9ole 2\" width=\"271\" height=\"300\" srcset=\"https:\/\/kiosque.ecoledesponts.fr\/rapport-activite-2021\/wp-content\/uploads\/sites\/3\/2022\/08\/strateole2-271x300.png 271w, https:\/\/kiosque.ecoledesponts.fr\/rapport-activite-2021\/wp-content\/uploads\/sites\/3\/2022\/08\/strateole2.png 600w\" sizes=\"(max-width: 271px) 100vw, 271px\" \/><\/p>","protected":false},"excerpt":{"rendered":"<p>Fin 2021, des ballons capables de voler pendant trois mois \u00e0 une altitude de 18 \u00e0 20\u00a0km ont d\u00e9coll\u00e9 des Seychelles afin d\u2019\u00e9tudier la dynamique atmosph\u00e9rique dans la strato\u00adsph\u00e8re \u00e9quatoriale. La campagne Strat\u00e9ole\u00a02 est conduite par des chercheurs du LMD sous l\u2019\u00e9gide du CNRS et du Cnes avec plusieurs partenaires internationaux.<\/p>\n","protected":false},"author":1,"featured_media":0,"parent":961,"menu_order":0,"comment_status":"closed","ping_status":"closed","template":"page_orange.php","meta":[],"tags":[49,51,29,39],"acf":[],"yoast_head":"<!-- This site is optimized with the Yoast SEO plugin v21.1 - https:\/\/yoast.com\/wordpress\/plugins\/seo\/ -->\n<title>Strat\u00e9ole\u00a02 - Rapport d&#039;activit\u00e9 2021<\/title>\n<meta name=\"robots\" content=\"index, follow, max-snippet:-1, max-image-preview:large, max-video-preview:-1\" \/>\n<link rel=\"canonical\" href=\"https:\/\/kiosque.ecoledesponts.fr\/rapport-activite-2021\/chercher-et-innover\/gestion-des-risques-des-ressources-et-des-milieux\/faits-marquants\/strateole-2\/\" \/>\n<meta property=\"og:locale\" content=\"fr_FR\" \/>\n<meta property=\"og:type\" content=\"article\" \/>\n<meta property=\"og:title\" content=\"Strat\u00e9ole\u00a02 - Rapport d&#039;activit\u00e9 2021\" \/>\n<meta property=\"og:description\" content=\"Fin 2021, des ballons capables de voler pendant trois mois \u00e0 une altitude de 18 \u00e0 20\u00a0km ont d\u00e9coll\u00e9 des Seychelles afin d\u2019\u00e9tudier la dynamique atmosph\u00e9rique dans la strato\u00adsph\u00e8re \u00e9quatoriale. La campagne Strat\u00e9ole\u00a02 est conduite par des chercheurs du LMD sous l\u2019\u00e9gide du CNRS et du Cnes avec plusieurs partenaires internationaux.\" \/>\n<meta property=\"og:url\" content=\"https:\/\/kiosque.ecoledesponts.fr\/rapport-activite-2021\/chercher-et-innover\/gestion-des-risques-des-ressources-et-des-milieux\/faits-marquants\/strateole-2\/\" \/>\n<meta property=\"og:site_name\" content=\"Rapport d&#039;activit\u00e9 2021\" \/>\n<meta property=\"article:modified_time\" content=\"2023-01-02T15:44:29+00:00\" \/>\n<meta property=\"og:image\" content=\"http:\/\/kiosque.ecoledesponts.fr\/rapport-activite-2021\/wp-content\/uploads\/sites\/3\/2022\/08\/strateole2-271x300.png\" \/>\n<meta name=\"twitter:card\" content=\"summary_large_image\" \/>\n<script type=\"application\/ld+json\" class=\"yoast-schema-graph\">{\"@context\":\"https:\/\/schema.org\",\"@graph\":[{\"@type\":\"WebPage\",\"@id\":\"https:\/\/kiosque.ecoledesponts.fr\/rapport-activite-2021\/chercher-et-innover\/gestion-des-risques-des-ressources-et-des-milieux\/faits-marquants\/strateole-2\/\",\"url\":\"https:\/\/kiosque.ecoledesponts.fr\/rapport-activite-2021\/chercher-et-innover\/gestion-des-risques-des-ressources-et-des-milieux\/faits-marquants\/strateole-2\/\",\"name\":\"Strat\u00e9ole\u00a02 - Rapport d'activit\u00e9 2021\",\"isPartOf\":{\"@id\":\"https:\/\/kiosque.ecoledesponts.fr\/rapport-activite-2021\/#website\"},\"datePublished\":\"2022-08-10T13:26:48+00:00\",\"dateModified\":\"2023-01-02T15:44:29+00:00\",\"breadcrumb\":{\"@id\":\"https:\/\/kiosque.ecoledesponts.fr\/rapport-activite-2021\/chercher-et-innover\/gestion-des-risques-des-ressources-et-des-milieux\/faits-marquants\/strateole-2\/#breadcrumb\"},\"inLanguage\":\"fr-FR\",\"potentialAction\":[{\"@type\":\"ReadAction\",\"target\":[\"https:\/\/kiosque.ecoledesponts.fr\/rapport-activite-2021\/chercher-et-innover\/gestion-des-risques-des-ressources-et-des-milieux\/faits-marquants\/strateole-2\/\"]}]},{\"@type\":\"BreadcrumbList\",\"@id\":\"https:\/\/kiosque.ecoledesponts.fr\/rapport-activite-2021\/chercher-et-innover\/gestion-des-risques-des-ressources-et-des-milieux\/faits-marquants\/strateole-2\/#breadcrumb\",\"itemListElement\":[{\"@type\":\"ListItem\",\"position\":1,\"name\":\"Accueil\",\"item\":\"https:\/\/kiosque.ecoledesponts.fr\/rapport-activite-2021\/\"},{\"@type\":\"ListItem\",\"position\":2,\"name\":\"Chercher et innover\",\"item\":\"https:\/\/kiosque.ecoledesponts.fr\/rapport-activite-2021\/chercher-et-innover\/\"},{\"@type\":\"ListItem\",\"position\":3,\"name\":\"Gestion des risques, des ressources et des milieux\",\"item\":\"https:\/\/kiosque.ecoledesponts.fr\/rapport-activite-2021\/chercher-et-innover\/gestion-des-risques-des-ressources-et-des-milieux\/\"},{\"@type\":\"ListItem\",\"position\":4,\"name\":\"Faits marquants\",\"item\":\"https:\/\/kiosque.ecoledesponts.fr\/rapport-activite-2021\/chercher-et-innover\/gestion-des-risques-des-ressources-et-des-milieux\/faits-marquants\/\"},{\"@type\":\"ListItem\",\"position\":5,\"name\":\"Strat\u00e9ole\u00a02\"}]},{\"@type\":\"WebSite\",\"@id\":\"https:\/\/kiosque.ecoledesponts.fr\/rapport-activite-2021\/#website\",\"url\":\"https:\/\/kiosque.ecoledesponts.fr\/rapport-activite-2021\/\",\"name\":\"Rapport d'activit\u00e9 2021\",\"description\":\"Un site utilisant Les sites du kiosque des ponts\",\"potentialAction\":[{\"@type\":\"SearchAction\",\"target\":{\"@type\":\"EntryPoint\",\"urlTemplate\":\"https:\/\/kiosque.ecoledesponts.fr\/rapport-activite-2021\/?s={search_term_string}\"},\"query-input\":\"required name=search_term_string\"}],\"inLanguage\":\"fr-FR\"}]}<\/script>\n<!-- \/ Yoast SEO plugin. -->","yoast_head_json":{"title":"Strat\u00e9ole\u00a02 - Rapport d'activit\u00e9 2021","robots":{"index":"index","follow":"follow","max-snippet":"max-snippet:-1","max-image-preview":"max-image-preview:large","max-video-preview":"max-video-preview:-1"},"canonical":"https:\/\/kiosque.ecoledesponts.fr\/rapport-activite-2021\/chercher-et-innover\/gestion-des-risques-des-ressources-et-des-milieux\/faits-marquants\/strateole-2\/","og_locale":"fr_FR","og_type":"article","og_title":"Strat\u00e9ole\u00a02 - Rapport d'activit\u00e9 2021","og_description":"Fin 2021, des ballons capables de voler pendant trois mois \u00e0 une altitude de 18 \u00e0 20\u00a0km ont d\u00e9coll\u00e9 des Seychelles afin d\u2019\u00e9tudier la dynamique atmosph\u00e9rique dans la strato\u00adsph\u00e8re \u00e9quatoriale. La campagne Strat\u00e9ole\u00a02 est conduite par des chercheurs du LMD sous l\u2019\u00e9gide du CNRS et du Cnes avec plusieurs partenaires internationaux.","og_url":"https:\/\/kiosque.ecoledesponts.fr\/rapport-activite-2021\/chercher-et-innover\/gestion-des-risques-des-ressources-et-des-milieux\/faits-marquants\/strateole-2\/","og_site_name":"Rapport d'activit\u00e9 2021","article_modified_time":"2023-01-02T15:44:29+00:00","og_image":[{"url":"http:\/\/kiosque.ecoledesponts.fr\/rapport-activite-2021\/wp-content\/uploads\/sites\/3\/2022\/08\/strateole2-271x300.png"}],"twitter_card":"summary_large_image","schema":{"@context":"https:\/\/schema.org","@graph":[{"@type":"WebPage","@id":"https:\/\/kiosque.ecoledesponts.fr\/rapport-activite-2021\/chercher-et-innover\/gestion-des-risques-des-ressources-et-des-milieux\/faits-marquants\/strateole-2\/","url":"https:\/\/kiosque.ecoledesponts.fr\/rapport-activite-2021\/chercher-et-innover\/gestion-des-risques-des-ressources-et-des-milieux\/faits-marquants\/strateole-2\/","name":"Strat\u00e9ole\u00a02 - Rapport d'activit\u00e9 2021","isPartOf":{"@id":"https:\/\/kiosque.ecoledesponts.fr\/rapport-activite-2021\/#website"},"datePublished":"2022-08-10T13:26:48+00:00","dateModified":"2023-01-02T15:44:29+00:00","breadcrumb":{"@id":"https:\/\/kiosque.ecoledesponts.fr\/rapport-activite-2021\/chercher-et-innover\/gestion-des-risques-des-ressources-et-des-milieux\/faits-marquants\/strateole-2\/#breadcrumb"},"inLanguage":"fr-FR","potentialAction":[{"@type":"ReadAction","target":["https:\/\/kiosque.ecoledesponts.fr\/rapport-activite-2021\/chercher-et-innover\/gestion-des-risques-des-ressources-et-des-milieux\/faits-marquants\/strateole-2\/"]}]},{"@type":"BreadcrumbList","@id":"https:\/\/kiosque.ecoledesponts.fr\/rapport-activite-2021\/chercher-et-innover\/gestion-des-risques-des-ressources-et-des-milieux\/faits-marquants\/strateole-2\/#breadcrumb","itemListElement":[{"@type":"ListItem","position":1,"name":"Accueil","item":"https:\/\/kiosque.ecoledesponts.fr\/rapport-activite-2021\/"},{"@type":"ListItem","position":2,"name":"Chercher et innover","item":"https:\/\/kiosque.ecoledesponts.fr\/rapport-activite-2021\/chercher-et-innover\/"},{"@type":"ListItem","position":3,"name":"Gestion des risques, des ressources et des milieux","item":"https:\/\/kiosque.ecoledesponts.fr\/rapport-activite-2021\/chercher-et-innover\/gestion-des-risques-des-ressources-et-des-milieux\/"},{"@type":"ListItem","position":4,"name":"Faits marquants","item":"https:\/\/kiosque.ecoledesponts.fr\/rapport-activite-2021\/chercher-et-innover\/gestion-des-risques-des-ressources-et-des-milieux\/faits-marquants\/"},{"@type":"ListItem","position":5,"name":"Strat\u00e9ole\u00a02"}]},{"@type":"WebSite","@id":"https:\/\/kiosque.ecoledesponts.fr\/rapport-activite-2021\/#website","url":"https:\/\/kiosque.ecoledesponts.fr\/rapport-activite-2021\/","name":"Rapport d'activit\u00e9 2021","description":"Un site utilisant Les sites du kiosque des ponts","potentialAction":[{"@type":"SearchAction","target":{"@type":"EntryPoint","urlTemplate":"https:\/\/kiosque.ecoledesponts.fr\/rapport-activite-2021\/?s={search_term_string}"},"query-input":"required name=search_term_string"}],"inLanguage":"fr-FR"}]}},"builder_content":"","_links":{"self":[{"href":"https:\/\/kiosque.ecoledesponts.fr\/rapport-activite-2021\/wp-json\/wp\/v2\/pages\/1025"}],"collection":[{"href":"https:\/\/kiosque.ecoledesponts.fr\/rapport-activite-2021\/wp-json\/wp\/v2\/pages"}],"about":[{"href":"https:\/\/kiosque.ecoledesponts.fr\/rapport-activite-2021\/wp-json\/wp\/v2\/types\/page"}],"author":[{"embeddable":true,"href":"https:\/\/kiosque.ecoledesponts.fr\/rapport-activite-2021\/wp-json\/wp\/v2\/users\/1"}],"replies":[{"embeddable":true,"href":"https:\/\/kiosque.ecoledesponts.fr\/rapport-activite-2021\/wp-json\/wp\/v2\/comments?post=1025"}],"version-history":[{"count":4,"href":"https:\/\/kiosque.ecoledesponts.fr\/rapport-activite-2021\/wp-json\/wp\/v2\/pages\/1025\/revisions"}],"predecessor-version":[{"id":2671,"href":"https:\/\/kiosque.ecoledesponts.fr\/rapport-activite-2021\/wp-json\/wp\/v2\/pages\/1025\/revisions\/2671"}],"up":[{"embeddable":true,"href":"https:\/\/kiosque.ecoledesponts.fr\/rapport-activite-2021\/wp-json\/wp\/v2\/pages\/961"}],"wp:attachment":[{"href":"https:\/\/kiosque.ecoledesponts.fr\/rapport-activite-2021\/wp-json\/wp\/v2\/media?parent=1025"}],"wp:term":[{"taxonomy":"post_tag","embeddable":true,"href":"https:\/\/kiosque.ecoledesponts.fr\/rapport-activite-2021\/wp-json\/wp\/v2\/tags?post=1025"}],"curies":[{"name":"wp","href":"https:\/\/api.w.org\/{rel}","templated":true}]}}