{"id":1177,"date":"2022-08-10T18:07:42","date_gmt":"2022-08-10T16:07:42","guid":{"rendered":"http:\/\/kiosque.ecoledesponts.fr\/rapport-activite-2021\/?page_id=1177"},"modified":"2023-01-02T16:54:17","modified_gmt":"2023-01-02T15:54:17","slug":"projet-phare","status":"publish","type":"page","link":"https:\/\/kiosque.ecoledesponts.fr\/rapport-activite-2021\/chercher-et-innover\/economie-usages-et-societe\/projet-phare\/","title":{"rendered":"Projet phare"},"content":{"rendered":"<!--themify_builder_content-->\n<div id=\"themify_builder_content-1177\" data-postid=\"1177\" class=\"themify_builder_content themify_builder_content-1177 themify_builder tf_clear\">\n    <\/div>\n<!--\/themify_builder_content-->\n\n<div class=\"phare\">\n<h2>Observation de la Convention citoyenne pour le climat<\/h2>\n<h3>Louis-Ga\u00ebtan Giraudet, chercheur au Cired<\/h3>\n<\/div>\n<p>Compos\u00e9e de 150 citoyens tir\u00e9s au sort, la Convention citoyenne pour le climat avait pour mission de proposer des mesures permettant \u00e0 la France de r\u00e9duire ses \u00e9missions de gaz \u00e0 effet de serre de 40\u2005% d\u2019ici \u00e0 2030, dans un esprit de justice sociale. Au terme de sept weekends de travail entre octobre 2019 et juin 2020, la Convention a soumis \u00e0 l\u2019ex\u00e9cutif 149 propositions, dont certaines ont \u00e9t\u00e9 reprises dans la loi Climat et r\u00e9silience de 2021.<\/p>\n<p>Louis-Ga\u00ebtan Giraudet, chercheur au Cired, a suivi les d\u00e9bats de la Convention parmi une trentaine de chercheurs-observateurs. Gr\u00e2ce \u00e0 un protocole collaboratif, ce groupe a mis en \u00e9vidence un apport significatif de l\u2019expertise dans l\u2019\u00e9laboration des mesures. Pour autant, cette contribution externe, qui peut se justifier par la nature tr\u00e8s technique de la question pos\u00e9e, n\u2019a pas remis en cause l\u2019autonomie de d\u00e9cision des citoyens. Les r\u00e9sultats de ces travaux sont en cours de valorisation scientifique.<\/p>\n\n\n<div class=\"is-layout-flex wp-container-3 wp-block-columns\">\n<div class=\"is-layout-flow wp-block-column\">\n<p><img decoding=\"async\" loading=\"lazy\" class=\"alignnone size-medium wp-image-2799\" src=\"http:\/\/kiosque.ecoledesponts.fr\/rapport-activite-2021\/wp-content\/uploads\/sites\/3\/2022\/08\/convention-citoyenne-climat-300x246.png\" alt=\"La Convention citoyenne pour le climat\" width=\"300\" height=\"246\" srcset=\"https:\/\/kiosque.ecoledesponts.fr\/rapport-activite-2021\/wp-content\/uploads\/sites\/3\/2022\/08\/convention-citoyenne-climat-300x246.png 300w, https:\/\/kiosque.ecoledesponts.fr\/rapport-activite-2021\/wp-content\/uploads\/sites\/3\/2022\/08\/convention-citoyenne-climat.png 583w\" sizes=\"(max-width: 300px) 100vw, 300px\" \/><\/p>\n<\/div>\n\n\n\n<div class=\"is-layout-flow wp-block-column\">\n<figure id=\"attachment_2801\" aria-describedby=\"caption-attachment-2801\" style=\"width: 300px\" class=\"wp-caption alignnone\"><img decoding=\"async\" loading=\"lazy\" class=\"wp-image-2801 size-medium\" src=\"http:\/\/kiosque.ecoledesponts.fr\/rapport-activite-2021\/wp-content\/uploads\/sites\/3\/2022\/08\/1200x680_plateforme-convention-citoyenne-climat-300x170.jpg\" alt=\"La Convention citoyenne pour le climat\" width=\"300\" height=\"170\" srcset=\"https:\/\/kiosque.ecoledesponts.fr\/rapport-activite-2021\/wp-content\/uploads\/sites\/3\/2022\/08\/1200x680_plateforme-convention-citoyenne-climat-300x170.jpg 300w, https:\/\/kiosque.ecoledesponts.fr\/rapport-activite-2021\/wp-content\/uploads\/sites\/3\/2022\/08\/1200x680_plateforme-convention-citoyenne-climat-1024x580.jpg 1024w, https:\/\/kiosque.ecoledesponts.fr\/rapport-activite-2021\/wp-content\/uploads\/sites\/3\/2022\/08\/1200x680_plateforme-convention-citoyenne-climat-768x435.jpg 768w, https:\/\/kiosque.ecoledesponts.fr\/rapport-activite-2021\/wp-content\/uploads\/sites\/3\/2022\/08\/1200x680_plateforme-convention-citoyenne-climat.jpg 1200w\" sizes=\"(max-width: 300px) 100vw, 300px\" \/><figcaption id=\"caption-attachment-2801\" class=\"wp-caption-text\">La Convention citoyenne pour le climat<\/figcaption><\/figure>\n<\/div>\n<\/div>","protected":false},"excerpt":{"rendered":"<p>Observation de la Convention citoyenne pour le climat Louis-Ga\u00ebtan Giraudet, chercheur au Cired Compos\u00e9e de 150 citoyens tir\u00e9s au sort, la Convention citoyenne pour le climat avait pour mission de proposer des mesures permettant \u00e0 la France de r\u00e9duire ses \u00e9missions de gaz \u00e0 effet de serre de 40\u2005% d\u2019ici \u00e0 2030, dans un esprit [&hellip;]<\/p>\n","protected":false},"author":1,"featured_media":0,"parent":1137,"menu_order":0,"comment_status":"closed","ping_status":"closed","template":"page_orange.php","meta":[],"tags":[43,29,39],"acf":[],"yoast_head":"<!-- This site is optimized with the Yoast SEO plugin v21.1 - https:\/\/yoast.com\/wordpress\/plugins\/seo\/ -->\n<title>Projet phare - Rapport d&#039;activit\u00e9 2021<\/title>\n<meta name=\"robots\" content=\"index, follow, max-snippet:-1, max-image-preview:large, max-video-preview:-1\" \/>\n<link rel=\"canonical\" href=\"https:\/\/kiosque.ecoledesponts.fr\/rapport-activite-2021\/chercher-et-innover\/economie-usages-et-societe\/projet-phare\/\" \/>\n<meta property=\"og:locale\" content=\"fr_FR\" \/>\n<meta property=\"og:type\" content=\"article\" \/>\n<meta property=\"og:title\" content=\"Projet phare - Rapport d&#039;activit\u00e9 2021\" \/>\n<meta property=\"og:description\" content=\"Observation de la Convention citoyenne pour le climat Louis-Ga\u00ebtan Giraudet, chercheur au Cired Compos\u00e9e de 150 citoyens tir\u00e9s au sort, la Convention citoyenne pour le climat avait pour mission de proposer des mesures permettant \u00e0 la France de r\u00e9duire ses \u00e9missions de gaz \u00e0 effet de serre de 40\u2005% d\u2019ici \u00e0 2030, dans un esprit [&hellip;]\" \/>\n<meta property=\"og:url\" content=\"https:\/\/kiosque.ecoledesponts.fr\/rapport-activite-2021\/chercher-et-innover\/economie-usages-et-societe\/projet-phare\/\" \/>\n<meta property=\"og:site_name\" content=\"Rapport d&#039;activit\u00e9 2021\" \/>\n<meta property=\"article:modified_time\" content=\"2023-01-02T15:54:17+00:00\" \/>\n<meta property=\"og:image\" content=\"http:\/\/kiosque.ecoledesponts.fr\/rapport-activite-2021\/wp-content\/uploads\/sites\/3\/2022\/08\/convention-citoyenne-climat-300x246.png\" \/>\n<meta name=\"twitter:card\" content=\"summary_large_image\" \/>\n<meta name=\"twitter:label1\" content=\"Dur\u00e9e de lecture estim\u00e9e\" \/>\n\t<meta name=\"twitter:data1\" content=\"1 minute\" \/>\n<script type=\"application\/ld+json\" class=\"yoast-schema-graph\">{\"@context\":\"https:\/\/schema.org\",\"@graph\":[{\"@type\":\"WebPage\",\"@id\":\"https:\/\/kiosque.ecoledesponts.fr\/rapport-activite-2021\/chercher-et-innover\/economie-usages-et-societe\/projet-phare\/\",\"url\":\"https:\/\/kiosque.ecoledesponts.fr\/rapport-activite-2021\/chercher-et-innover\/economie-usages-et-societe\/projet-phare\/\",\"name\":\"Projet phare - Rapport d'activit\u00e9 2021\",\"isPartOf\":{\"@id\":\"https:\/\/kiosque.ecoledesponts.fr\/rapport-activite-2021\/#website\"},\"datePublished\":\"2022-08-10T16:07:42+00:00\",\"dateModified\":\"2023-01-02T15:54:17+00:00\",\"breadcrumb\":{\"@id\":\"https:\/\/kiosque.ecoledesponts.fr\/rapport-activite-2021\/chercher-et-innover\/economie-usages-et-societe\/projet-phare\/#breadcrumb\"},\"inLanguage\":\"fr-FR\",\"potentialAction\":[{\"@type\":\"ReadAction\",\"target\":[\"https:\/\/kiosque.ecoledesponts.fr\/rapport-activite-2021\/chercher-et-innover\/economie-usages-et-societe\/projet-phare\/\"]}]},{\"@type\":\"BreadcrumbList\",\"@id\":\"https:\/\/kiosque.ecoledesponts.fr\/rapport-activite-2021\/chercher-et-innover\/economie-usages-et-societe\/projet-phare\/#breadcrumb\",\"itemListElement\":[{\"@type\":\"ListItem\",\"position\":1,\"name\":\"Accueil\",\"item\":\"https:\/\/kiosque.ecoledesponts.fr\/rapport-activite-2021\/\"},{\"@type\":\"ListItem\",\"position\":2,\"name\":\"Chercher et innover\",\"item\":\"https:\/\/kiosque.ecoledesponts.fr\/rapport-activite-2021\/chercher-et-innover\/\"},{\"@type\":\"ListItem\",\"position\":3,\"name\":\"\u00c9conomie, usages et soci\u00e9t\u00e9\",\"item\":\"https:\/\/kiosque.ecoledesponts.fr\/rapport-activite-2021\/chercher-et-innover\/economie-usages-et-societe\/\"},{\"@type\":\"ListItem\",\"position\":4,\"name\":\"Projet phare\"}]},{\"@type\":\"WebSite\",\"@id\":\"https:\/\/kiosque.ecoledesponts.fr\/rapport-activite-2021\/#website\",\"url\":\"https:\/\/kiosque.ecoledesponts.fr\/rapport-activite-2021\/\",\"name\":\"Rapport d'activit\u00e9 2021\",\"description\":\"Un site utilisant Les sites du kiosque des ponts\",\"potentialAction\":[{\"@type\":\"SearchAction\",\"target\":{\"@type\":\"EntryPoint\",\"urlTemplate\":\"https:\/\/kiosque.ecoledesponts.fr\/rapport-activite-2021\/?s={search_term_string}\"},\"query-input\":\"required name=search_term_string\"}],\"inLanguage\":\"fr-FR\"}]}<\/script>\n<!-- \/ Yoast SEO plugin. -->","yoast_head_json":{"title":"Projet phare - Rapport d'activit\u00e9 2021","robots":{"index":"index","follow":"follow","max-snippet":"max-snippet:-1","max-image-preview":"max-image-preview:large","max-video-preview":"max-video-preview:-1"},"canonical":"https:\/\/kiosque.ecoledesponts.fr\/rapport-activite-2021\/chercher-et-innover\/economie-usages-et-societe\/projet-phare\/","og_locale":"fr_FR","og_type":"article","og_title":"Projet phare - Rapport d'activit\u00e9 2021","og_description":"Observation de la Convention citoyenne pour le climat Louis-Ga\u00ebtan Giraudet, chercheur au Cired Compos\u00e9e de 150 citoyens tir\u00e9s au sort, la Convention citoyenne pour le climat avait pour mission de proposer des mesures permettant \u00e0 la France de r\u00e9duire ses \u00e9missions de gaz \u00e0 effet de serre de 40\u2005% d\u2019ici \u00e0 2030, dans un esprit [&hellip;]","og_url":"https:\/\/kiosque.ecoledesponts.fr\/rapport-activite-2021\/chercher-et-innover\/economie-usages-et-societe\/projet-phare\/","og_site_name":"Rapport d'activit\u00e9 2021","article_modified_time":"2023-01-02T15:54:17+00:00","og_image":[{"url":"http:\/\/kiosque.ecoledesponts.fr\/rapport-activite-2021\/wp-content\/uploads\/sites\/3\/2022\/08\/convention-citoyenne-climat-300x246.png"}],"twitter_card":"summary_large_image","twitter_misc":{"Dur\u00e9e de lecture estim\u00e9e":"1 minute"},"schema":{"@context":"https:\/\/schema.org","@graph":[{"@type":"WebPage","@id":"https:\/\/kiosque.ecoledesponts.fr\/rapport-activite-2021\/chercher-et-innover\/economie-usages-et-societe\/projet-phare\/","url":"https:\/\/kiosque.ecoledesponts.fr\/rapport-activite-2021\/chercher-et-innover\/economie-usages-et-societe\/projet-phare\/","name":"Projet phare - Rapport d'activit\u00e9 2021","isPartOf":{"@id":"https:\/\/kiosque.ecoledesponts.fr\/rapport-activite-2021\/#website"},"datePublished":"2022-08-10T16:07:42+00:00","dateModified":"2023-01-02T15:54:17+00:00","breadcrumb":{"@id":"https:\/\/kiosque.ecoledesponts.fr\/rapport-activite-2021\/chercher-et-innover\/economie-usages-et-societe\/projet-phare\/#breadcrumb"},"inLanguage":"fr-FR","potentialAction":[{"@type":"ReadAction","target":["https:\/\/kiosque.ecoledesponts.fr\/rapport-activite-2021\/chercher-et-innover\/economie-usages-et-societe\/projet-phare\/"]}]},{"@type":"BreadcrumbList","@id":"https:\/\/kiosque.ecoledesponts.fr\/rapport-activite-2021\/chercher-et-innover\/economie-usages-et-societe\/projet-phare\/#breadcrumb","itemListElement":[{"@type":"ListItem","position":1,"name":"Accueil","item":"https:\/\/kiosque.ecoledesponts.fr\/rapport-activite-2021\/"},{"@type":"ListItem","position":2,"name":"Chercher et innover","item":"https:\/\/kiosque.ecoledesponts.fr\/rapport-activite-2021\/chercher-et-innover\/"},{"@type":"ListItem","position":3,"name":"\u00c9conomie, usages et soci\u00e9t\u00e9","item":"https:\/\/kiosque.ecoledesponts.fr\/rapport-activite-2021\/chercher-et-innover\/economie-usages-et-societe\/"},{"@type":"ListItem","position":4,"name":"Projet phare"}]},{"@type":"WebSite","@id":"https:\/\/kiosque.ecoledesponts.fr\/rapport-activite-2021\/#website","url":"https:\/\/kiosque.ecoledesponts.fr\/rapport-activite-2021\/","name":"Rapport d'activit\u00e9 2021","description":"Un site utilisant Les sites du kiosque des ponts","potentialAction":[{"@type":"SearchAction","target":{"@type":"EntryPoint","urlTemplate":"https:\/\/kiosque.ecoledesponts.fr\/rapport-activite-2021\/?s={search_term_string}"},"query-input":"required name=search_term_string"}],"inLanguage":"fr-FR"}]}},"builder_content":"","_links":{"self":[{"href":"https:\/\/kiosque.ecoledesponts.fr\/rapport-activite-2021\/wp-json\/wp\/v2\/pages\/1177"}],"collection":[{"href":"https:\/\/kiosque.ecoledesponts.fr\/rapport-activite-2021\/wp-json\/wp\/v2\/pages"}],"about":[{"href":"https:\/\/kiosque.ecoledesponts.fr\/rapport-activite-2021\/wp-json\/wp\/v2\/types\/page"}],"author":[{"embeddable":true,"href":"https:\/\/kiosque.ecoledesponts.fr\/rapport-activite-2021\/wp-json\/wp\/v2\/users\/1"}],"replies":[{"embeddable":true,"href":"https:\/\/kiosque.ecoledesponts.fr\/rapport-activite-2021\/wp-json\/wp\/v2\/comments?post=1177"}],"version-history":[{"count":11,"href":"https:\/\/kiosque.ecoledesponts.fr\/rapport-activite-2021\/wp-json\/wp\/v2\/pages\/1177\/revisions"}],"predecessor-version":[{"id":3811,"href":"https:\/\/kiosque.ecoledesponts.fr\/rapport-activite-2021\/wp-json\/wp\/v2\/pages\/1177\/revisions\/3811"}],"up":[{"embeddable":true,"href":"https:\/\/kiosque.ecoledesponts.fr\/rapport-activite-2021\/wp-json\/wp\/v2\/pages\/1137"}],"wp:attachment":[{"href":"https:\/\/kiosque.ecoledesponts.fr\/rapport-activite-2021\/wp-json\/wp\/v2\/media?parent=1177"}],"wp:term":[{"taxonomy":"post_tag","embeddable":true,"href":"https:\/\/kiosque.ecoledesponts.fr\/rapport-activite-2021\/wp-json\/wp\/v2\/tags?post=1177"}],"curies":[{"name":"wp","href":"https:\/\/api.w.org\/{rel}","templated":true}]}}