{"id":1695,"date":"2022-08-16T09:26:36","date_gmt":"2022-08-16T07:26:36","guid":{"rendered":"http:\/\/kiosque.ecoledesponts.fr\/rapport-activite-2021\/?page_id=1695"},"modified":"2022-09-13T16:01:47","modified_gmt":"2022-09-13T14:01:47","slug":"le-conseil-d-administration","status":"publish","type":"page","link":"https:\/\/kiosque.ecoledesponts.fr\/rapport-activite-2021\/engagements-organisation-et-moyens\/organisation-et-moyens\/le-conseil-d-administration\/","title":{"rendered":"Le conseil d\u2019administration (juin 2022)"},"content":{"rendered":"<!--themify_builder_content-->\n<div id=\"themify_builder_content-1695\" data-postid=\"1695\" class=\"themify_builder_content themify_builder_content-1695 themify_builder tf_clear\">\n    <\/div>\n<!--\/themify_builder_content-->\n\n<h2>PR\u00c9SIDENT<\/h2>\n<p><strong>Beno\u00eet DE RUFFRAY<\/strong>, pr\u00e9sident-directeur g\u00e9n\u00e9ral du groupe Eiffage<\/p>\n<h2>MEMBRES DE DROIT<\/h2>\n<ul>\n<li><strong>Paul DELDUC<\/strong>, conseiller \u00e9nergie, environnement, transports et agriculture \u00e0 la Pr\u00e9sidence de la R\u00e9publique, vice-pr\u00e9sident du conseil d\u2019administration<\/li>\n<li><strong>Guillaume LEFORESTIER<\/strong>, secr\u00e9taire g\u00e9n\u00e9ral du minist\u00e8re de la Transition \u00e9cologique<\/li>\n<li><strong>Thomas LESUEUR<\/strong>, commissaire g\u00e9n\u00e9ral au D\u00e9veloppement durable au minist\u00e8re de la Transition \u00e9cologique<\/li>\n<li><strong>Laurent AUTRIQUE<\/strong>, repr\u00e9sentant la directrice g\u00e9n\u00e9rale de l\u2019Enseignement sup\u00e9rieur et de l\u2019insertion professionnelle au minist\u00e8re de l\u2019Enseignement sup\u00e9rieur, de la Recherche et de l\u2019Innovation<\/li>\n<li><strong>Pierre PACAUD<\/strong>, repr\u00e9sentant la directrice g\u00e9n\u00e9rale de la Recherche et de l\u2019Innovation au minist\u00e8re de l\u2019Enseignement sup\u00e9rieur, de la Recherche et de l\u2019Innovation<\/li>\n<\/ul>\n<h2>PERSONNALIT\u00c9S QUALIFI\u00c9ES<\/h2>\n<ul>\n<li><strong>Fran\u00e7ois BERTI\u00c8RE<\/strong>, pr\u00e9sident de Fiminco Reim, pr\u00e9sident de la Fondation des Ponts<\/li>\n<li><strong>Diane D\u2019ARRAS<\/strong>, pr\u00e9sidente de l\u2019Association internationale de l\u2019eau<\/li>\n<li><strong>Gerhard M\u00dcLLER<\/strong>, doyen de la facult\u00e9 de g\u00e9nie civil de l\u2019Universit\u00e9 technique de Munich<\/li>\n<li><strong>Isabelle RYL<\/strong>, directrice de PaRis Artificial Intelligence Research InstitutE &#8211; PRAIRIE<\/li>\n<li><strong>Nathalie STUBLER<\/strong>, pr\u00e9sidente-directrice g\u00e9n\u00e9rale de Transavia France<\/li>\n<li><strong>Maud THUAUDET<\/strong>, directrice de la Strat\u00e9gie du groupe Saint-Gobain<\/li>\n<\/ul>\n<h2>ASSOCIATION DES ANCIENS \u00c9L\u00c8VES DE L\u2019\u00c9COLE<\/h2>\n<ul>\n<li><strong>Thierry D\u00c9AU<\/strong>, pr\u00e9sident-directeur g\u00e9n\u00e9ral de Meridiam, pr\u00e9sident de Ponts Alumni<\/li>\n<li><strong>Olivier DUPONT<\/strong>, pr\u00e9sident du conseil de surveillance de Demeter Partners, pr\u00e9sident d\u2019honneur de Ponts Alumni<\/li>\n<\/ul>\n<h2>REPR\u00c9SENTANTS \u00c9LUS<\/h2>\n<ul>\n<li><strong>Karam SAB<\/strong>, <strong>Tony LELI\u00c8VRE<\/strong> et <strong>Annick VIGNES<\/strong>, repr\u00e9sentants des professeurs<\/li>\n<li><strong>\u00c9meric FORTIN<\/strong>, <strong>Nathalie ROSEAU<\/strong> et <strong>Laurent LAMY<\/strong>, repr\u00e9sentants des autres enseignants et des chercheurs<\/li>\n<li><strong>Thibaut SKRZYPEK<\/strong>, repr\u00e9sentant des personnels administratifs et techniques<\/li>\n<li><strong>Thomas KATAN<\/strong> et <strong>Sylvain GUEZET<\/strong>, repr\u00e9sentants des \u00e9l\u00e8ves<\/li>\n<\/ul>","protected":false},"excerpt":{"rendered":"<p>PR\u00c9SIDENT Beno\u00eet DE RUFFRAY, pr\u00e9sident-directeur g\u00e9n\u00e9ral du groupe Eiffage MEMBRES DE DROIT Paul DELDUC, conseiller \u00e9nergie, environnement, transports et agriculture \u00e0 la Pr\u00e9sidence de la R\u00e9publique, vice-pr\u00e9sident du conseil d\u2019administration Guillaume LEFORESTIER, secr\u00e9taire g\u00e9n\u00e9ral du minist\u00e8re de la Transition \u00e9cologique Thomas LESUEUR, commissaire g\u00e9n\u00e9ral au D\u00e9veloppement durable au minist\u00e8re de la Transition \u00e9cologique Laurent AUTRIQUE, [&hellip;]<\/p>\n","protected":false},"author":1,"featured_media":0,"parent":1675,"menu_order":0,"comment_status":"closed","ping_status":"closed","template":"page_rouge.php","meta":[],"tags":[],"acf":[],"yoast_head":"<!-- This site is optimized with the Yoast SEO plugin v21.1 - https:\/\/yoast.com\/wordpress\/plugins\/seo\/ -->\n<title>Le conseil d\u2019administration (juin 2022) - Rapport d&#039;activit\u00e9 2021<\/title>\n<meta name=\"robots\" content=\"index, follow, max-snippet:-1, max-image-preview:large, max-video-preview:-1\" \/>\n<link rel=\"canonical\" href=\"https:\/\/kiosque.ecoledesponts.fr\/rapport-activite-2021\/engagements-organisation-et-moyens\/organisation-et-moyens\/le-conseil-d-administration\/\" \/>\n<meta property=\"og:locale\" content=\"fr_FR\" \/>\n<meta property=\"og:type\" content=\"article\" \/>\n<meta property=\"og:title\" content=\"Le conseil d\u2019administration (juin 2022) - Rapport d&#039;activit\u00e9 2021\" \/>\n<meta property=\"og:description\" content=\"PR\u00c9SIDENT Beno\u00eet DE RUFFRAY, pr\u00e9sident-directeur g\u00e9n\u00e9ral du groupe Eiffage MEMBRES DE DROIT Paul DELDUC, conseiller \u00e9nergie, environnement, transports et agriculture \u00e0 la Pr\u00e9sidence de la R\u00e9publique, vice-pr\u00e9sident du conseil d\u2019administration Guillaume LEFORESTIER, secr\u00e9taire g\u00e9n\u00e9ral du minist\u00e8re de la Transition \u00e9cologique Thomas LESUEUR, commissaire g\u00e9n\u00e9ral au D\u00e9veloppement durable au minist\u00e8re de la Transition \u00e9cologique Laurent AUTRIQUE, [&hellip;]\" \/>\n<meta property=\"og:url\" content=\"https:\/\/kiosque.ecoledesponts.fr\/rapport-activite-2021\/engagements-organisation-et-moyens\/organisation-et-moyens\/le-conseil-d-administration\/\" \/>\n<meta property=\"og:site_name\" content=\"Rapport d&#039;activit\u00e9 2021\" \/>\n<meta property=\"article:modified_time\" content=\"2022-09-13T14:01:47+00:00\" \/>\n<meta name=\"twitter:card\" content=\"summary_large_image\" \/>\n<meta name=\"twitter:label1\" content=\"Dur\u00e9e de lecture estim\u00e9e\" \/>\n\t<meta name=\"twitter:data1\" content=\"2 minutes\" \/>\n<script type=\"application\/ld+json\" class=\"yoast-schema-graph\">{\"@context\":\"https:\/\/schema.org\",\"@graph\":[{\"@type\":\"WebPage\",\"@id\":\"https:\/\/kiosque.ecoledesponts.fr\/rapport-activite-2021\/engagements-organisation-et-moyens\/organisation-et-moyens\/le-conseil-d-administration\/\",\"url\":\"https:\/\/kiosque.ecoledesponts.fr\/rapport-activite-2021\/engagements-organisation-et-moyens\/organisation-et-moyens\/le-conseil-d-administration\/\",\"name\":\"Le conseil d\u2019administration (juin 2022) - Rapport d'activit\u00e9 2021\",\"isPartOf\":{\"@id\":\"https:\/\/kiosque.ecoledesponts.fr\/rapport-activite-2021\/#website\"},\"datePublished\":\"2022-08-16T07:26:36+00:00\",\"dateModified\":\"2022-09-13T14:01:47+00:00\",\"breadcrumb\":{\"@id\":\"https:\/\/kiosque.ecoledesponts.fr\/rapport-activite-2021\/engagements-organisation-et-moyens\/organisation-et-moyens\/le-conseil-d-administration\/#breadcrumb\"},\"inLanguage\":\"fr-FR\",\"potentialAction\":[{\"@type\":\"ReadAction\",\"target\":[\"https:\/\/kiosque.ecoledesponts.fr\/rapport-activite-2021\/engagements-organisation-et-moyens\/organisation-et-moyens\/le-conseil-d-administration\/\"]}]},{\"@type\":\"BreadcrumbList\",\"@id\":\"https:\/\/kiosque.ecoledesponts.fr\/rapport-activite-2021\/engagements-organisation-et-moyens\/organisation-et-moyens\/le-conseil-d-administration\/#breadcrumb\",\"itemListElement\":[{\"@type\":\"ListItem\",\"position\":1,\"name\":\"Accueil\",\"item\":\"https:\/\/kiosque.ecoledesponts.fr\/rapport-activite-2021\/\"},{\"@type\":\"ListItem\",\"position\":2,\"name\":\"Engagements, organisation et moyens\",\"item\":\"https:\/\/kiosque.ecoledesponts.fr\/rapport-activite-2021\/engagements-organisation-et-moyens\/\"},{\"@type\":\"ListItem\",\"position\":3,\"name\":\"Organisation et moyens\",\"item\":\"https:\/\/kiosque.ecoledesponts.fr\/rapport-activite-2021\/engagements-organisation-et-moyens\/organisation-et-moyens\/\"},{\"@type\":\"ListItem\",\"position\":4,\"name\":\"Le conseil d\u2019administration (juin 2022)\"}]},{\"@type\":\"WebSite\",\"@id\":\"https:\/\/kiosque.ecoledesponts.fr\/rapport-activite-2021\/#website\",\"url\":\"https:\/\/kiosque.ecoledesponts.fr\/rapport-activite-2021\/\",\"name\":\"Rapport d'activit\u00e9 2021\",\"description\":\"Un site utilisant Les sites du kiosque des ponts\",\"potentialAction\":[{\"@type\":\"SearchAction\",\"target\":{\"@type\":\"EntryPoint\",\"urlTemplate\":\"https:\/\/kiosque.ecoledesponts.fr\/rapport-activite-2021\/?s={search_term_string}\"},\"query-input\":\"required name=search_term_string\"}],\"inLanguage\":\"fr-FR\"}]}<\/script>\n<!-- \/ Yoast SEO plugin. -->","yoast_head_json":{"title":"Le conseil d\u2019administration (juin 2022) - Rapport d'activit\u00e9 2021","robots":{"index":"index","follow":"follow","max-snippet":"max-snippet:-1","max-image-preview":"max-image-preview:large","max-video-preview":"max-video-preview:-1"},"canonical":"https:\/\/kiosque.ecoledesponts.fr\/rapport-activite-2021\/engagements-organisation-et-moyens\/organisation-et-moyens\/le-conseil-d-administration\/","og_locale":"fr_FR","og_type":"article","og_title":"Le conseil d\u2019administration (juin 2022) - Rapport d'activit\u00e9 2021","og_description":"PR\u00c9SIDENT Beno\u00eet DE RUFFRAY, pr\u00e9sident-directeur g\u00e9n\u00e9ral du groupe Eiffage MEMBRES DE DROIT Paul DELDUC, conseiller \u00e9nergie, environnement, transports et agriculture \u00e0 la Pr\u00e9sidence de la R\u00e9publique, vice-pr\u00e9sident du conseil d\u2019administration Guillaume LEFORESTIER, secr\u00e9taire g\u00e9n\u00e9ral du minist\u00e8re de la Transition \u00e9cologique Thomas LESUEUR, commissaire g\u00e9n\u00e9ral au D\u00e9veloppement durable au minist\u00e8re de la Transition \u00e9cologique Laurent AUTRIQUE, [&hellip;]","og_url":"https:\/\/kiosque.ecoledesponts.fr\/rapport-activite-2021\/engagements-organisation-et-moyens\/organisation-et-moyens\/le-conseil-d-administration\/","og_site_name":"Rapport d'activit\u00e9 2021","article_modified_time":"2022-09-13T14:01:47+00:00","twitter_card":"summary_large_image","twitter_misc":{"Dur\u00e9e de lecture estim\u00e9e":"2 minutes"},"schema":{"@context":"https:\/\/schema.org","@graph":[{"@type":"WebPage","@id":"https:\/\/kiosque.ecoledesponts.fr\/rapport-activite-2021\/engagements-organisation-et-moyens\/organisation-et-moyens\/le-conseil-d-administration\/","url":"https:\/\/kiosque.ecoledesponts.fr\/rapport-activite-2021\/engagements-organisation-et-moyens\/organisation-et-moyens\/le-conseil-d-administration\/","name":"Le conseil d\u2019administration (juin 2022) - Rapport d'activit\u00e9 2021","isPartOf":{"@id":"https:\/\/kiosque.ecoledesponts.fr\/rapport-activite-2021\/#website"},"datePublished":"2022-08-16T07:26:36+00:00","dateModified":"2022-09-13T14:01:47+00:00","breadcrumb":{"@id":"https:\/\/kiosque.ecoledesponts.fr\/rapport-activite-2021\/engagements-organisation-et-moyens\/organisation-et-moyens\/le-conseil-d-administration\/#breadcrumb"},"inLanguage":"fr-FR","potentialAction":[{"@type":"ReadAction","target":["https:\/\/kiosque.ecoledesponts.fr\/rapport-activite-2021\/engagements-organisation-et-moyens\/organisation-et-moyens\/le-conseil-d-administration\/"]}]},{"@type":"BreadcrumbList","@id":"https:\/\/kiosque.ecoledesponts.fr\/rapport-activite-2021\/engagements-organisation-et-moyens\/organisation-et-moyens\/le-conseil-d-administration\/#breadcrumb","itemListElement":[{"@type":"ListItem","position":1,"name":"Accueil","item":"https:\/\/kiosque.ecoledesponts.fr\/rapport-activite-2021\/"},{"@type":"ListItem","position":2,"name":"Engagements, organisation et moyens","item":"https:\/\/kiosque.ecoledesponts.fr\/rapport-activite-2021\/engagements-organisation-et-moyens\/"},{"@type":"ListItem","position":3,"name":"Organisation et moyens","item":"https:\/\/kiosque.ecoledesponts.fr\/rapport-activite-2021\/engagements-organisation-et-moyens\/organisation-et-moyens\/"},{"@type":"ListItem","position":4,"name":"Le conseil d\u2019administration (juin 2022)"}]},{"@type":"WebSite","@id":"https:\/\/kiosque.ecoledesponts.fr\/rapport-activite-2021\/#website","url":"https:\/\/kiosque.ecoledesponts.fr\/rapport-activite-2021\/","name":"Rapport d'activit\u00e9 2021","description":"Un site utilisant Les sites du kiosque des ponts","potentialAction":[{"@type":"SearchAction","target":{"@type":"EntryPoint","urlTemplate":"https:\/\/kiosque.ecoledesponts.fr\/rapport-activite-2021\/?s={search_term_string}"},"query-input":"required name=search_term_string"}],"inLanguage":"fr-FR"}]}},"builder_content":"","_links":{"self":[{"href":"https:\/\/kiosque.ecoledesponts.fr\/rapport-activite-2021\/wp-json\/wp\/v2\/pages\/1695"}],"collection":[{"href":"https:\/\/kiosque.ecoledesponts.fr\/rapport-activite-2021\/wp-json\/wp\/v2\/pages"}],"about":[{"href":"https:\/\/kiosque.ecoledesponts.fr\/rapport-activite-2021\/wp-json\/wp\/v2\/types\/page"}],"author":[{"embeddable":true,"href":"https:\/\/kiosque.ecoledesponts.fr\/rapport-activite-2021\/wp-json\/wp\/v2\/users\/1"}],"replies":[{"embeddable":true,"href":"https:\/\/kiosque.ecoledesponts.fr\/rapport-activite-2021\/wp-json\/wp\/v2\/comments?post=1695"}],"version-history":[{"count":8,"href":"https:\/\/kiosque.ecoledesponts.fr\/rapport-activite-2021\/wp-json\/wp\/v2\/pages\/1695\/revisions"}],"predecessor-version":[{"id":3743,"href":"https:\/\/kiosque.ecoledesponts.fr\/rapport-activite-2021\/wp-json\/wp\/v2\/pages\/1695\/revisions\/3743"}],"up":[{"embeddable":true,"href":"https:\/\/kiosque.ecoledesponts.fr\/rapport-activite-2021\/wp-json\/wp\/v2\/pages\/1675"}],"wp:attachment":[{"href":"https:\/\/kiosque.ecoledesponts.fr\/rapport-activite-2021\/wp-json\/wp\/v2\/media?parent=1695"}],"wp:term":[{"taxonomy":"post_tag","embeddable":true,"href":"https:\/\/kiosque.ecoledesponts.fr\/rapport-activite-2021\/wp-json\/wp\/v2\/tags?post=1695"}],"curies":[{"name":"wp","href":"https:\/\/api.w.org\/{rel}","templated":true}]}}

<!--themify_builder_content-->
<div id="themify_builder_content-1695" data-postid="1695" class="themify_builder_content themify_builder_content-1695 themify_builder tf_clear">
    </div>
<!--/themify_builder_content-->

<h2>PRÉSIDENT</h2>
<p><strong>Benoît DE RUFFRAY</strong>, président-directeur général du groupe Eiffage</p>
<h2>MEMBRES DE DROIT</h2>
<ul>
<li><strong>Paul DELDUC</strong>, conseiller énergie, environnement, transports et agriculture à la Présidence de la République, vice-président du conseil d’administration</li>
<li><strong>Guillaume LEFORESTIER</strong>, secrétaire général du ministère de la Transition écologique</li>
<li><strong>Thomas LESUEUR</strong>, commissaire général au Développement durable au ministère de la Transition écologique</li>
<li><strong>Laurent AUTRIQUE</strong>, représentant la directrice générale de l’Enseignement supérieur et de l’insertion professionnelle au ministère de l’Enseignement supérieur, de la Recherche et de l’Innovation</li>
<li><strong>Pierre PACAUD</strong>, représentant la directrice générale de la Recherche et de l’Innovation au ministère de l’Enseignement supérieur, de la Recherche et de l’Innovation</li>
</ul>
<h2>PERSONNALITÉS QUALIFIÉES</h2>
<ul>
<li><strong>François BERTIÈRE</strong>, président de Fiminco Reim, président de la Fondation des Ponts</li>
<li><strong>Diane D’ARRAS</strong>, présidente de l’Association internationale de l’eau</li>
<li><strong>Gerhard MÜLLER</strong>, doyen de la faculté de génie civil de l’Université technique de Munich</li>
<li><strong>Isabelle RYL</strong>, directrice de PaRis Artificial Intelligence Research InstitutE &#8211; PRAIRIE</li>
<li><strong>Nathalie STUBLER</strong>, présidente-directrice générale de Transavia France</li>
<li><strong>Maud THUAUDET</strong>, directrice de la Stratégie du groupe Saint-Gobain</li>
</ul>
<h2>ASSOCIATION DES ANCIENS ÉLÈVES DE L’ÉCOLE</h2>
<ul>
<li><strong>Thierry DÉAU</strong>, président-directeur général de Meridiam, président de Ponts Alumni</li>
<li><strong>Olivier DUPONT</strong>, président du conseil de surveillance de Demeter Partners, président d’honneur de Ponts Alumni</li>
</ul>
<h2>REPRÉSENTANTS ÉLUS</h2>
<ul>
<li><strong>Karam SAB</strong>, <strong>Tony LELIÈVRE</strong> et <strong>Annick VIGNES</strong>, représentants des professeurs</li>
<li><strong>Émeric FORTIN</strong>, <strong>Nathalie ROSEAU</strong> et <strong>Laurent LAMY</strong>, représentants des autres enseignants et des chercheurs</li>
<li><strong>Thibaut SKRZYPEK</strong>, représentant des personnels administratifs et techniques</li>
<li><strong>Thomas KATAN</strong> et <strong>Sylvain GUEZET</strong>, représentants des élèves</li>
</ul>

<p>PRÉSIDENT Benoît DE RUFFRAY, président-directeur général du groupe Eiffage MEMBRES DE DROIT Paul DELDUC, conseiller énergie, environnement, transports et agriculture à la Présidence de la République, vice-président du conseil d’administration Guillaume LEFORESTIER, secrétaire général du ministère de la Transition écologique Thomas LESUEUR, commissaire général au Développement durable au ministère de la Transition écologique Laurent AUTRIQUE, [&hellip;]</p>

<!-- This site is optimized with the Yoast SEO plugin v21.1 - https://yoast.com/wordpress/plugins/seo/ -->
<title>Le conseil d’administration (juin 2022) - Rapport d&#039;activité 2021</title>
<meta name="robots" content="index, follow, max-snippet:-1, max-image-preview:large, max-video-preview:-1" />
<link rel="canonical" href="https://kiosque.ecoledesponts.fr/rapport-activite-2021/engagements-organisation-et-moyens/organisation-et-moyens/le-conseil-d-administration/" />
<meta property="og:locale" content="fr_FR" />
<meta property="og:type" content="article" />
<meta property="og:title" content="Le conseil d’administration (juin 2022) - Rapport d&#039;activité 2021" />
<meta property="og:description" content="PRÉSIDENT Benoît DE RUFFRAY, président-directeur général du groupe Eiffage MEMBRES DE DROIT Paul DELDUC, conseiller énergie, environnement, transports et agriculture à la Présidence de la République, vice-président du conseil d’administration Guillaume LEFORESTIER, secrétaire général du ministère de la Transition écologique Thomas LESUEUR, commissaire général au Développement durable au ministère de la Transition écologique Laurent AUTRIQUE, [&hellip;]" />
<meta property="og:url" content="https://kiosque.ecoledesponts.fr/rapport-activite-2021/engagements-organisation-et-moyens/organisation-et-moyens/le-conseil-d-administration/" />
<meta property="og:site_name" content="Rapport d&#039;activité 2021" />
<meta property="article:modified_time" content="2022-09-13T14:01:47+00:00" />
<meta name="twitter:card" content="summary_large_image" />
<meta name="twitter:label1" content="Durée de lecture estimée" />
	<meta name="twitter:data1" content="2 minutes" />
<script type="application/ld+json" class="yoast-schema-graph">{"@context":"https://schema.org","@graph":[{"@type":"WebPage","@id":"https://kiosque.ecoledesponts.fr/rapport-activite-2021/engagements-organisation-et-moyens/organisation-et-moyens/le-conseil-d-administration/","url":"https://kiosque.ecoledesponts.fr/rapport-activite-2021/engagements-organisation-et-moyens/organisation-et-moyens/le-conseil-d-administration/","name":"Le conseil d’administration (juin 2022) - Rapport d'activité 2021","isPartOf":{"@id":"https://kiosque.ecoledesponts.fr/rapport-activite-2021/#website"},"datePublished":"2022-08-16T07:26:36+00:00","dateModified":"2022-09-13T14:01:47+00:00","breadcrumb":{"@id":"https://kiosque.ecoledesponts.fr/rapport-activite-2021/engagements-organisation-et-moyens/organisation-et-moyens/le-conseil-d-administration/#breadcrumb"},"inLanguage":"fr-FR","potentialAction":[{"@type":"ReadAction","target":["https://kiosque.ecoledesponts.fr/rapport-activite-2021/engagements-organisation-et-moyens/organisation-et-moyens/le-conseil-d-administration/"]}]},{"@type":"BreadcrumbList","@id":"https://kiosque.ecoledesponts.fr/rapport-activite-2021/engagements-organisation-et-moyens/organisation-et-moyens/le-conseil-d-administration/#breadcrumb","itemListElement":[{"@type":"ListItem","position":1,"name":"Accueil","item":"https://kiosque.ecoledesponts.fr/rapport-activite-2021/"},{"@type":"ListItem","position":2,"name":"Engagements, organisation et moyens","item":"https://kiosque.ecoledesponts.fr/rapport-activite-2021/engagements-organisation-et-moyens/"},{"@type":"ListItem","position":3,"name":"Organisation et moyens","item":"https://kiosque.ecoledesponts.fr/rapport-activite-2021/engagements-organisation-et-moyens/organisation-et-moyens/"},{"@type":"ListItem","position":4,"name":"Le conseil d’administration (juin 2022)"}]},{"@type":"WebSite","@id":"https://kiosque.ecoledesponts.fr/rapport-activite-2021/#website","url":"https://kiosque.ecoledesponts.fr/rapport-activite-2021/","name":"Rapport d'activité 2021","description":"Un site utilisant Les sites du kiosque des ponts","potentialAction":[{"@type":"SearchAction","target":{"@type":"EntryPoint","urlTemplate":"https://kiosque.ecoledesponts.fr/rapport-activite-2021/?s={search_term_string}"},"query-input":"required name=search_term_string"}],"inLanguage":"fr-FR"}]}</script>
<!-- / Yoast SEO plugin. -->

Le conseil d’administration (juin 2022) - Rapport d'activité 2021

PRÉSIDENT Benoît DE RUFFRAY, président-directeur général du groupe Eiffage MEMBRES DE DROIT Paul DELDUC, conseiller énergie, environnement, transports et agriculture à la Présidence de la République, vice-président du conseil d’administration Guillaume LEFORESTIER, secrétaire général du ministère de la Transition écologique Thomas LESUEUR, commissaire général au Développement durable au ministère de la Transition écologique Laurent AUTRIQUE, [&hellip;]

Rapport d'activité 2021
