{"id":3221,"date":"2022-09-07T17:51:18","date_gmt":"2022-09-07T15:51:18","guid":{"rendered":"http:\/\/kiosque.ecoledesponts.fr\/rapport-activite-2021\/?page_id=3221"},"modified":"2022-09-07T17:51:19","modified_gmt":"2022-09-07T15:51:19","slug":"mentions-legales","status":"publish","type":"page","link":"https:\/\/kiosque.ecoledesponts.fr\/rapport-activite-2021\/mentions-legales\/","title":{"rendered":"Mentions l\u00e9gales"},"content":{"rendered":"<!--themify_builder_content-->\n<div id=\"themify_builder_content-3221\" data-postid=\"3221\" class=\"themify_builder_content themify_builder_content-3221 themify_builder tf_clear\">\n    <\/div>\n<!--\/themify_builder_content-->\n\n<h2>D\u00e9veloppement :<\/h2>\n<p>Epiceum (SARL LGDB consultants)<\/p>\n<p>75 rue de la Fontaine au Roi<br>75011 Paris<\/p>\n<p>T\u00e9l. : +33 (1) 49 29 75 66<br>Fax. : +33 (1) 49 29 75 65<\/p>\n<p>contact@epiceum.com<\/p>\n<h2>H\u00e9bergement :<\/h2>\n<p>OVH<br>2 rue Kellermann<br>59100 Roubaix<br>www.ovh.com<\/p>\n<h2>Technologies utilis\u00e9es :<\/h2>\n<p>html, css, php, sql<\/p>\n<h2>Cr\u00e9dits :<\/h2>\n<p>Les images publi\u00e9es sur notre site internet sont prot\u00e9g\u00e9es par les droits d\u2019auteurs et ne peuvent en aucun cas \u00eatre r\u00e9pliqu\u00e9es pour une autre utilisation sans l\u2019autorisation des auteurs.<\/p>\n<h2>D\u00e9claration du site \u00e0 la CNIL :<\/h2>\n<p>Ce site a \u00e9t\u00e9 cr\u00e9\u00e9 \u00e0 des fins d\u2019information ou de communication externe de l\u2019\u00c9cole des Ponts Paristech. Selon la d\u00e9lib\u00e9ration n\u00b02006-138 du 9 mai 2006 de la CNIL, ce site est donc dispens\u00e9 de d\u00e9claration.<\/p>\n<h2>Donn\u00e9es statistiques et cookies :<\/h2>\n<p>Afin de mieux conna\u00eetre les centres d\u2019int\u00e9r\u00eat des visiteurs du site et en vue de son am\u00e9lioration, nous pouvons \u00eatre amen\u00e9s \u00e0 mesurer le nombre de visites, de pages vues, ainsi que l\u2019activit\u00e9 des visiteurs sur le site, et leur fr\u00e9quence de retour. A cet effet, la technologie des cookies peut-\u00eatre utilis\u00e9e. Il vous est possible de refuser ces \u00ab cookies \u00bb ou de les supprimer sans que cela ait une quelconque influence sur votre acc\u00e8s aux pages du site.<\/p>\n<p>Pour vous opposer \u00e0 l\u2019enregistrement de cookies ou \u00eatre pr\u00e9venu avant d\u2019accepter les cookies, nous vous recommandons la lecture la rubrique d\u2019aide de votre navigateur qui vous pr\u00e9cisera la marche \u00e0 suivre.<\/p>\n<h2>Matomo<\/h2>\n<p>Ce site utilise Matomo, une solution open-source d\u2019analyse de fr\u00e9quentation, logiciel libre sous licence GPLv3. Cette analyse d\u2019audience personnalis\u00e9e est respectueuse de votre vie priv\u00e9e car la collecte et l\u2019analyse des donn\u00e9es quantitatives et qualitatives n\u2019utilise aucune de vos donn\u00e9es personnelles en dehors de votre adresse IP. Ces donn\u00e9es ne sont en aucun cas stock\u00e9es \u00e0 l\u2019ext\u00e9rieur de notre serveur d\u2019h\u00e9bergement dont nous sommes les seuls utilisateurs (serveur VPS). En utilisant ce site internet, vous consentez express\u00e9ment au traitement de vos donn\u00e9es dans les conditions et pour les finalit\u00e9s d\u00e9crites ci-dessus.<\/p>\n<h2>Limitation de responsabilit\u00e9 :<\/h2>\n<p>Ce site comporte des informations mises \u00e0 disposition par des soci\u00e9t\u00e9s externes ou des liens hypertextes vers d\u2019autres sites qui n\u2019ont pas \u00e9t\u00e9 d\u00e9velopp\u00e9s par ce site. Le contenu mis \u00e0 disposition sur le site est fourni \u00e0 titre informatif.<\/p>\n<p>L\u2019existence d\u2019un lien de ce site vers un autre site ne constitue pas une validation de ce site ou de son contenu. Il appartient \u00e0 l\u2019internaute d\u2019utiliser ces informations avec discernement et esprit critique. La responsabilit\u00e9 du directeur de la publication ne saurait \u00eatre engag\u00e9e du fait d\u2019informations, opinions et recommandations formul\u00e9es par des tiers.<\/p>","protected":false},"excerpt":{"rendered":"<p>D\u00e9veloppement : Epiceum (SARL LGDB consultants) 75 rue de la Fontaine au Roi75011 Paris T\u00e9l. : +33 (1) 49 29 75 66Fax. : +33 (1) 49 29 75 65 contact@epiceum.com H\u00e9bergement : OVH2 rue Kellermann59100 Roubaixwww.ovh.com Technologies utilis\u00e9es : html, css, php, sql Cr\u00e9dits : Les images publi\u00e9es sur notre site internet sont prot\u00e9g\u00e9es par [&hellip;]<\/p>\n","protected":false},"author":1,"featured_media":0,"parent":0,"menu_order":0,"comment_status":"closed","ping_status":"closed","template":"","meta":[],"tags":[],"acf":[],"yoast_head":"<!-- This site is optimized with the Yoast SEO plugin v21.1 - https:\/\/yoast.com\/wordpress\/plugins\/seo\/ -->\n<title>Mentions l\u00e9gales - Rapport d&#039;activit\u00e9 2021<\/title>\n<meta name=\"robots\" content=\"index, follow, max-snippet:-1, max-image-preview:large, max-video-preview:-1\" \/>\n<link rel=\"canonical\" href=\"https:\/\/kiosque.ecoledesponts.fr\/rapport-activite-2021\/mentions-legales\/\" \/>\n<meta property=\"og:locale\" content=\"fr_FR\" \/>\n<meta property=\"og:type\" content=\"article\" \/>\n<meta property=\"og:title\" content=\"Mentions l\u00e9gales - Rapport d&#039;activit\u00e9 2021\" \/>\n<meta property=\"og:description\" content=\"D\u00e9veloppement : Epiceum (SARL LGDB consultants) 75 rue de la Fontaine au Roi75011 Paris T\u00e9l. : +33 (1) 49 29 75 66Fax. : +33 (1) 49 29 75 65 contact@epiceum.com H\u00e9bergement : OVH2 rue Kellermann59100 Roubaixwww.ovh.com Technologies utilis\u00e9es : html, css, php, sql Cr\u00e9dits : Les images publi\u00e9es sur notre site internet sont prot\u00e9g\u00e9es par [&hellip;]\" \/>\n<meta property=\"og:url\" content=\"https:\/\/kiosque.ecoledesponts.fr\/rapport-activite-2021\/mentions-legales\/\" \/>\n<meta property=\"og:site_name\" content=\"Rapport d&#039;activit\u00e9 2021\" \/>\n<meta property=\"article:modified_time\" content=\"2022-09-07T15:51:19+00:00\" \/>\n<meta name=\"twitter:card\" content=\"summary_large_image\" \/>\n<meta name=\"twitter:label1\" content=\"Dur\u00e9e de lecture estim\u00e9e\" \/>\n\t<meta name=\"twitter:data1\" content=\"2 minutes\" \/>\n<script type=\"application\/ld+json\" class=\"yoast-schema-graph\">{\"@context\":\"https:\/\/schema.org\",\"@graph\":[{\"@type\":\"WebPage\",\"@id\":\"https:\/\/kiosque.ecoledesponts.fr\/rapport-activite-2021\/mentions-legales\/\",\"url\":\"https:\/\/kiosque.ecoledesponts.fr\/rapport-activite-2021\/mentions-legales\/\",\"name\":\"Mentions l\u00e9gales - Rapport d'activit\u00e9 2021\",\"isPartOf\":{\"@id\":\"https:\/\/kiosque.ecoledesponts.fr\/rapport-activite-2021\/#website\"},\"datePublished\":\"2022-09-07T15:51:18+00:00\",\"dateModified\":\"2022-09-07T15:51:19+00:00\",\"breadcrumb\":{\"@id\":\"https:\/\/kiosque.ecoledesponts.fr\/rapport-activite-2021\/mentions-legales\/#breadcrumb\"},\"inLanguage\":\"fr-FR\",\"potentialAction\":[{\"@type\":\"ReadAction\",\"target\":[\"https:\/\/kiosque.ecoledesponts.fr\/rapport-activite-2021\/mentions-legales\/\"]}]},{\"@type\":\"BreadcrumbList\",\"@id\":\"https:\/\/kiosque.ecoledesponts.fr\/rapport-activite-2021\/mentions-legales\/#breadcrumb\",\"itemListElement\":[{\"@type\":\"ListItem\",\"position\":1,\"name\":\"Accueil\",\"item\":\"https:\/\/kiosque.ecoledesponts.fr\/rapport-activite-2021\/\"},{\"@type\":\"ListItem\",\"position\":2,\"name\":\"Mentions l\u00e9gales\"}]},{\"@type\":\"WebSite\",\"@id\":\"https:\/\/kiosque.ecoledesponts.fr\/rapport-activite-2021\/#website\",\"url\":\"https:\/\/kiosque.ecoledesponts.fr\/rapport-activite-2021\/\",\"name\":\"Rapport d'activit\u00e9 2021\",\"description\":\"Un site utilisant Les sites du kiosque des ponts\",\"potentialAction\":[{\"@type\":\"SearchAction\",\"target\":{\"@type\":\"EntryPoint\",\"urlTemplate\":\"https:\/\/kiosque.ecoledesponts.fr\/rapport-activite-2021\/?s={search_term_string}\"},\"query-input\":\"required name=search_term_string\"}],\"inLanguage\":\"fr-FR\"}]}<\/script>\n<!-- \/ Yoast SEO plugin. -->","yoast_head_json":{"title":"Mentions l\u00e9gales - Rapport d'activit\u00e9 2021","robots":{"index":"index","follow":"follow","max-snippet":"max-snippet:-1","max-image-preview":"max-image-preview:large","max-video-preview":"max-video-preview:-1"},"canonical":"https:\/\/kiosque.ecoledesponts.fr\/rapport-activite-2021\/mentions-legales\/","og_locale":"fr_FR","og_type":"article","og_title":"Mentions l\u00e9gales - Rapport d'activit\u00e9 2021","og_description":"D\u00e9veloppement : Epiceum (SARL LGDB consultants) 75 rue de la Fontaine au Roi75011 Paris T\u00e9l. : +33 (1) 49 29 75 66Fax. : +33 (1) 49 29 75 65 contact@epiceum.com H\u00e9bergement : OVH2 rue Kellermann59100 Roubaixwww.ovh.com Technologies utilis\u00e9es : html, css, php, sql Cr\u00e9dits : Les images publi\u00e9es sur notre site internet sont prot\u00e9g\u00e9es par [&hellip;]","og_url":"https:\/\/kiosque.ecoledesponts.fr\/rapport-activite-2021\/mentions-legales\/","og_site_name":"Rapport d'activit\u00e9 2021","article_modified_time":"2022-09-07T15:51:19+00:00","twitter_card":"summary_large_image","twitter_misc":{"Dur\u00e9e de lecture estim\u00e9e":"2 minutes"},"schema":{"@context":"https:\/\/schema.org","@graph":[{"@type":"WebPage","@id":"https:\/\/kiosque.ecoledesponts.fr\/rapport-activite-2021\/mentions-legales\/","url":"https:\/\/kiosque.ecoledesponts.fr\/rapport-activite-2021\/mentions-legales\/","name":"Mentions l\u00e9gales - Rapport d'activit\u00e9 2021","isPartOf":{"@id":"https:\/\/kiosque.ecoledesponts.fr\/rapport-activite-2021\/#website"},"datePublished":"2022-09-07T15:51:18+00:00","dateModified":"2022-09-07T15:51:19+00:00","breadcrumb":{"@id":"https:\/\/kiosque.ecoledesponts.fr\/rapport-activite-2021\/mentions-legales\/#breadcrumb"},"inLanguage":"fr-FR","potentialAction":[{"@type":"ReadAction","target":["https:\/\/kiosque.ecoledesponts.fr\/rapport-activite-2021\/mentions-legales\/"]}]},{"@type":"BreadcrumbList","@id":"https:\/\/kiosque.ecoledesponts.fr\/rapport-activite-2021\/mentions-legales\/#breadcrumb","itemListElement":[{"@type":"ListItem","position":1,"name":"Accueil","item":"https:\/\/kiosque.ecoledesponts.fr\/rapport-activite-2021\/"},{"@type":"ListItem","position":2,"name":"Mentions l\u00e9gales"}]},{"@type":"WebSite","@id":"https:\/\/kiosque.ecoledesponts.fr\/rapport-activite-2021\/#website","url":"https:\/\/kiosque.ecoledesponts.fr\/rapport-activite-2021\/","name":"Rapport d'activit\u00e9 2021","description":"Un site utilisant Les sites du kiosque des ponts","potentialAction":[{"@type":"SearchAction","target":{"@type":"EntryPoint","urlTemplate":"https:\/\/kiosque.ecoledesponts.fr\/rapport-activite-2021\/?s={search_term_string}"},"query-input":"required name=search_term_string"}],"inLanguage":"fr-FR"}]}},"builder_content":"","_links":{"self":[{"href":"https:\/\/kiosque.ecoledesponts.fr\/rapport-activite-2021\/wp-json\/wp\/v2\/pages\/3221"}],"collection":[{"href":"https:\/\/kiosque.ecoledesponts.fr\/rapport-activite-2021\/wp-json\/wp\/v2\/pages"}],"about":[{"href":"https:\/\/kiosque.ecoledesponts.fr\/rapport-activite-2021\/wp-json\/wp\/v2\/types\/page"}],"author":[{"embeddable":true,"href":"https:\/\/kiosque.ecoledesponts.fr\/rapport-activite-2021\/wp-json\/wp\/v2\/users\/1"}],"replies":[{"embeddable":true,"href":"https:\/\/kiosque.ecoledesponts.fr\/rapport-activite-2021\/wp-json\/wp\/v2\/comments?post=3221"}],"version-history":[{"count":1,"href":"https:\/\/kiosque.ecoledesponts.fr\/rapport-activite-2021\/wp-json\/wp\/v2\/pages\/3221\/revisions"}],"predecessor-version":[{"id":3223,"href":"https:\/\/kiosque.ecoledesponts.fr\/rapport-activite-2021\/wp-json\/wp\/v2\/pages\/3221\/revisions\/3223"}],"wp:attachment":[{"href":"https:\/\/kiosque.ecoledesponts.fr\/rapport-activite-2021\/wp-json\/wp\/v2\/media?parent=3221"}],"wp:term":[{"taxonomy":"post_tag","embeddable":true,"href":"https:\/\/kiosque.ecoledesponts.fr\/rapport-activite-2021\/wp-json\/wp\/v2\/tags?post=3221"}],"curies":[{"name":"wp","href":"https:\/\/api.w.org\/{rel}","templated":true}]}}