{"id":43,"date":"2022-04-17T10:41:11","date_gmt":"2022-04-17T08:41:11","guid":{"rendered":"http:\/\/kiosque.ecoledesponts.fr\/rapport-activite-2021\/?page_id=43"},"modified":"2022-09-13T14:24:21","modified_gmt":"2022-09-13T12:24:21","slug":"les-formations-du-corps-de-letat","status":"publish","type":"page","link":"https:\/\/kiosque.ecoledesponts.fr\/rapport-activite-2021\/former\/les-formations-du-corps-de-letat\/","title":{"rendered":"Les formations du Corps de l\u2019\u00c9tat"},"content":{"rendered":"<!--themify_builder_content-->\n<div id=\"themify_builder_content-43\" data-postid=\"43\" class=\"themify_builder_content themify_builder_content-43 themify_builder tf_clear\">\n                    <div  data-lazy=\"1\" class=\"module_row themify_builder_row tb_o5va372 tb_first tf_w\">\n                        <div class=\"row_inner col_align_top tb_col_count_1 tf_box tf_rel\">\n                        <div  data-lazy=\"1\" class=\"module_column tb-column col-full tb_4ezn373 first\">\n                    \n\n<!-- module tile -->\n<div  id=\"tb_s6kk690\" class=\"module module-tile tb_s6kk690 size-landscape flip-horizontal has-flip bloc_btn tuile_image titre_off tuile_25 tile-type-front-text  tf_mw tf_opacity wow\" data-tf-animation=\"fadeInDown\" data-lazy=\"1\" data-auto-flip=\"0\" data-in-effect=\"flip-horizontal\" >\n\t\t\t<div class=\"tile-flip-box-wrap tf_abs tf_box tf_overflow tf_w tf_h\">\n\t\t\n\t\t\t\t\t<style>\n\t\t\t\t.module.tb_s6kk690 .tile-front{background-image:url(\"http:\/\/kiosque.ecoledesponts.fr\/rapport-activite-2021\/wp-content\/uploads\/sites\/3\/2022\/07\/archi-urbanistes.jpg\")}.module.tb_s6kk690 .tile-back{background-image:url(\"http:\/\/kiosque.ecoledesponts.fr\/rapport-activite-2021\/wp-content\/uploads\/sites\/3\/2022\/07\/archi-urbanistes.jpg\")}\t\t\t<\/style>\n\t\t\t\t\n\t\t\t\t\t<div class=\"tile-front tile-type-text ui tb_default_color tf_box tf_w tf_h tf_overflow tf_rel tf_scrollbar\">\n\t\t\t\t<div class=\"tile-inner tf_box\">\n\t\t\t\t\t\t\t\t\t\t\t\t\t\t\t\t\t\t<h4 class=\"tile-title\">Les architectes urbanistes de l\u2019\u00c9tat<\/h4>\n\t\t\t\t\t\t\n\t\t\t\t\t\t<div class=\"tile-content\">\n\t\t\t\t\t\t\t<h3><span class=\"ombre\">Les architectes urbanistes de l\u2019\u00c9tat<\/span><\/h3>\n\t\t\t\t\t\t<\/div>\n\t\t\t\t\t\n\t\t\t\t\t\t\t\t\t\t\t<a href=\"\/rapport-activite-2021\/former\/les-formations-du-corps-de-letat\/les-architectes-urbanistes-de-letat\/\" class=\"action-button\"><span><\/span><\/a>\n\t\t\t\t\t\t\t\t\t\t\t\t\t\t\t\t<a href=\"#\" class=\"tile-flip-back-button tf_hide\"><\/a>\n\t\t\t\t\t\t\t\t\t<\/div>\n\t\t\t<\/div><!-- .tile-front -->\n\n\t\t\t\t\t<div class=\"tile-back tile-type-text ui tb_default_color tf_box tf_w tf_h tf_overflow tf_abs tf_hidden tf_scrollbar\">\n\t\t\t\t<div class=\"tile-inner tf_box\">\n\t\t\t\t\t\t\t\t\t\t\t\t\t\t\t\t\t\t<h4 class=\"tile-title\">Les architectes urbanistes de l\u2019\u00c9tat<\/h4>\n\t\t\t\t\t\t\n\t\t\t\t\t\t<div class=\"tile-content\">\n\t\t\t\t\t\t\t<h3><span class=\"fontstyle0\">Les architectes urbanistes de l\u2019\u00c9tat<\/span><\/h3>\t\t\t\t\t\t<\/div>\n\t\t\t\t\t\n\t\t\t\t\t\t\t\t\t\t\t<a href=\"\/rapport-activite-2021\/former\/les-formations-du-corps-de-letat\/les-architectes-urbanistes-de-letat\/\" class=\"action-button\"><span><\/span><\/a>\n\t\t\t\t\t\t\t\t\t\t\t\t\t\t\t\t<a href=\"#\" class=\"tile-flip-back-button tf_hide\"><\/a>\n\t\t\t\t\t\t\t\t\t<\/div>\n\t\t\t<\/div><!-- .tile-back -->\n\n\t\t\t<\/div>\n\n\t<\/div><!-- \/module tile -->\n\n<!-- module tile -->\n<div  id=\"tb_9m84359\" class=\"module module-tile tb_9m84359 size-landscape flip-horizontal has-flip bloc_btn tuile_bleu titre_off tuile_25 tile-type-front-text  tf_mw tf_opacity wow\" data-tf-animation=\"fadeInRight\" data-lazy=\"1\" data-auto-flip=\"0\" data-in-effect=\"flip-horizontal\" >\n\t\t\t<div class=\"tile-flip-box-wrap tf_abs tf_box tf_overflow tf_w tf_h\">\n\t\t\n\t\t\t\t\n\t\t\t\t\t<div class=\"tile-front tile-type-text ui tb_default_color tf_box tf_w tf_h tf_overflow tf_rel tf_scrollbar\">\n\t\t\t\t<div class=\"tile-inner tf_box\">\n\t\t\t\t\t\t\t\t\t\t\t\t\t\t\t\t\t\t<h4 class=\"tile-title\">Les ing\u00e9nieurs \u00e9l\u00e8ves du corps des ponts, des eaux et des for\u00eats<\/h4>\n\t\t\t\t\t\t\n\t\t\t\t\t\t<div class=\"tile-content\">\n\t\t\t\t\t\t\t<h3>Les ing\u00e9nieurs \u00e9l\u00e8ves du corps des ponts, des eaux et des for\u00eats<\/h3>\n<p>La formation du corps des Ponts, des Eaux et des For\u00eats est organis\u00e9e conjointement par l\u2019\u00c9cole des Ponts ParisTech et AgroParisTech. Si le recrutement s\u2019effectue principalement \u00e0 la sortie de l\u2019\u00c9cole polytechnique (X), il est aussi ouvert aux \u00c9coles normales sup\u00e9rieures (ENS) et \u00e0 d\u2019autres grandes \u00e9coles scientifiques, dont AgroParisTech et l\u2019\u00c9cole des Ponts ParisTech.<\/p>\t\t\t\t\t\t<\/div>\n\t\t\t\t\t\n\t\t\t\t\t\t\t\t\t\t\t<a href=\"\/rapport-activite-2021\/former\/les-formations-du-corps-de-letat\/les-ingenieurs-eleves-du-corps-des-ponts-des-eaux-et-des-forets\/\" class=\"action-button\"><span><\/span><\/a>\n\t\t\t\t\t\t\t\t\t\t\t\t\t\t\t\t<a href=\"#\" class=\"tile-flip-back-button tf_hide\"><\/a>\n\t\t\t\t\t\t\t\t\t<\/div>\n\t\t\t<\/div><!-- .tile-front -->\n\n\t\t\t\t\t<div class=\"tile-back tile-type-text ui tb_default_color tf_box tf_w tf_h tf_overflow tf_abs tf_hidden tf_scrollbar\">\n\t\t\t\t<div class=\"tile-inner tf_box\">\n\t\t\t\t\t\t\t\t\t\t\t\t\t\t\t\t\t\t<h4 class=\"tile-title\">Les ing\u00e9nieurs \u00e9l\u00e8ves du corps des ponts, des eaux et des for\u00eats<\/h4>\n\t\t\t\t\t\t\n\t\t\t\t\t\t<div class=\"tile-content\">\n\t\t\t\t\t\t\t<h3>Les ing\u00e9nieurs \u00e9l\u00e8ves du corps des ponts, des eaux et des for\u00eats<\/h3>\n<p>La formation du corps des Ponts, des Eaux et des For\u00eats est organis\u00e9e conjointement par l\u2019\u00c9cole des Ponts ParisTech et AgroParisTech. Si le recrutement s\u2019effectue principalement \u00e0 la sortie de l\u2019\u00c9cole polytechnique (X), il est aussi ouvert aux \u00c9coles normales sup\u00e9rieures (ENS) et \u00e0 d\u2019autres grandes \u00e9coles scientifiques, dont AgroParisTech et l\u2019\u00c9cole des Ponts ParisTech.<\/p>\t\t\t\t\t\t<\/div>\n\t\t\t\t\t\n\t\t\t\t\t\t\t\t\t\t\t<a href=\"\/rapport-activite-2021\/former\/les-formations-du-corps-de-letat\/les-ingenieurs-eleves-du-corps-des-ponts-des-eaux-et-des-forets\/\" class=\"action-button\"><span><\/span><\/a>\n\t\t\t\t\t\t\t\t\t\t\t\t\t\t\t\t<a href=\"#\" class=\"tile-flip-back-button tf_hide\"><\/a>\n\t\t\t\t\t\t\t\t\t<\/div>\n\t\t\t<\/div><!-- .tile-back -->\n\n\t\t\t<\/div>\n\n\t<\/div><!-- \/module tile -->\n\n<!-- module tile -->\n<div  id=\"tb_vhq0349\" class=\"module module-tile tb_vhq0349 size-landscape flip-horizontal no-flip tuile_blanc titre_off tuile_25 tile-type-front-text  tf_mw tf_opacity wow\" data-tf-animation=\"fadeInLeft\" data-lazy=\"1\" data-auto-flip=\"0\" data-in-effect=\"flip-horizontal\" >\n\t\t\t<div class=\"tile-flip-box-wrap tf_abs tf_box tf_overflow tf_w tf_h\">\n\t\t\n\t\t\t\t\n\t\t\t\t\t<div class=\"tile-front tile-type-text ui tb_default_color tf_box tf_w tf_h tf_overflow tf_rel tf_scrollbar\">\n\t\t\t\t<div class=\"tile-inner tf_box\">\n\t\t\t\t\t\t\t\t\t\t\t\t\t\t\t\t\t\t<h4 class=\"tile-title\">LES CADRES DE LA HAUTE FONCTION PUBLIQUE<\/h4>\n\t\t\t\t\t\t\n\t\t\t\t\t\t<div class=\"tile-content\">\n\t\t\t\t\t\t\t<h3><span class=\"fontstyle0\">LES CADRES DE LA HAUTE FONCTION PUBLIQUE<br \/>\n<\/span><\/h3>\n<p><span class=\"fontstyle2\">Suite \u00e0 la d\u00e9cision du gouvernement, fin 2020, de mettre en place un tronc commun de formation pour tous les hauts fonctionnaires, l\u2019\u00c9cole des Ponts ParisTech s\u2019est charg\u00e9e de cr\u00e9er le module sur la transition \u00e9cologique, en association avec AgroParisTech et l\u2019INET. Disponible sur la plateforme Mentor, celui-ci a \u00e9t\u00e9 dispens\u00e9 en septembre 2021 aux ing\u00e9nieurs des Ponts, des Eaux et des For\u00eats avant les autres corps de l\u2019\u00c9tat, soit environ 800 agents des trois fonctions publiques au cours de l\u2019ann\u00e9e 2021-2022. Le tronc commun de la formation des cadres de la haute fonction publique est coordonn\u00e9 par le nouvel Institut national du service public (INSP), qui remplace l\u2019ENA.<\/span><\/p>\n<div class=\"addtoany_shortcode\"><div class=\"a2a_kit a2a_kit_size_24 addtoany_list\" data-a2a-url=\"http:\/\/kiosque.ecoledesponts.fr\/rapport-activite-2021\/former\/les-formations-du-corps-de-letat\/les-cadres-de-la-haute-fonction-publique\/\" data-a2a-title=\"Les cadres de la Haute Fonction Publique\"><a class=\"a2a_dd addtoany_share_save addtoany_share\" href=\"https:\/\/www.addtoany.com\/share\"><img decoding=\"async\" src=\"http:\/\/kiosque.ecoledesponts.fr\/wp-content\/themes\/enpc\/imgs\/share_social_icon_32.png\" alt=\"Share\"><\/a><\/div><\/div>\n\t\t\t\t\t\t<\/div>\n\t\t\t\t\t\n\t\t\t\t\t\t\t\t\t\t\t\t\t\t\t\t<a href=\"#\" class=\"tile-flip-back-button tf_hide\"><\/a>\n\t\t\t\t\t\t\t\t\t<\/div>\n\t\t\t<\/div><!-- .tile-front -->\n\n\t\t\t\t\t<div class=\"tile-back tile-type-text ui tb_default_color tf_box tf_w tf_h tf_overflow tf_abs tf_hidden tf_scrollbar\">\n\t\t\t\t<div class=\"tile-inner tf_box\">\n\t\t\t\t\t\t\t\t\t\t\t\n\t\t\t\t\t\t<div class=\"tile-content\">\n\t\t\t\t\t\t\t\t\t\t\t\t\t<\/div>\n\t\t\t\t\t\n\t\t\t\t\t\t\t\t\t\t\t\t\t\t\t\t<a href=\"#\" class=\"tile-flip-back-button tf_hide\"><\/a>\n\t\t\t\t\t\t\t\t\t<\/div>\n\t\t\t<\/div><!-- .tile-back -->\n\n\t\t\t<\/div>\n\n\t<\/div><!-- \/module tile -->\n\n<!-- module tile -->\n<div  id=\"tb_ugd6273\" class=\"module module-tile tb_ugd6273 size-landscape flip-horizontal has-flip bloc_btn tuile_violet titre_off tuile_25 tile-type-front-text  tf_mw tf_opacity wow\" data-tf-animation=\"fadeInUp\" data-lazy=\"1\" data-auto-flip=\"0\" data-in-effect=\"flip-horizontal\" >\n\t\t\t<div class=\"tile-flip-box-wrap tf_abs tf_box tf_overflow tf_w tf_h\">\n\t\t\n\t\t\t\t\n\t\t\t\t\t<div class=\"tile-front tile-type-text ui tb_default_color tf_box tf_w tf_h tf_overflow tf_rel tf_scrollbar\">\n\t\t\t\t<div class=\"tile-inner tf_box\">\n\t\t\t\t\t\t\t\t\t\t\t\t\t\t\t\t\t\t<h4 class=\"tile-title\">T\u00c9MOIGNAGE<\/h4>\n\t\t\t\t\t\t\n\t\t\t\t\t\t<div class=\"tile-content\">\n\t\t\t\t\t\t\t<div class=\"tuile_blockquote\">\n<h3><span class=\"fontstyle0\">T\u00c9MOIGNAGE<\/span><\/h3>\n<p><strong>Gildas L\u2019Hostis, promotion X16 \u00ab Chef du bureau Conduite d\u2019op\u00e9rations Nucl\u00e9aire\/Barracuda \u00bb (minist\u00e8re des Arm\u00e9es)<\/strong><\/p>\n<p>Le mast\u00e8re sp\u00e9cialis\u00e9<span class=\"fontstyle0\">\u00ae <\/span><span class=\"fontstyle0\">Politiques et actions publiques pour le d\u00e9veloppement durable (MS PAPDD) est une formation pluridisciplinaire con\u00e7ue pour former les ing\u00e9nieurs qui serviront demain l\u2019\u00c9tat (et sa population) et assureront ses missions&#8230;<\/span><\/p>\n<\/div>\n\t\t\t\t\t\t<\/div>\n\t\t\t\t\t\n\t\t\t\t\t\t\t\t\t\t\t<a href=\"\/rapport-activite-2021\/former\/les-formations-du-corps-de-letat\/temoignage-gildas-lhostis\/\" class=\"action-button\"><span><\/span><\/a>\n\t\t\t\t\t\t\t\t\t\t\t\t\t\t\t\t<a href=\"#\" class=\"tile-flip-back-button tf_hide\"><\/a>\n\t\t\t\t\t\t\t\t\t<\/div>\n\t\t\t<\/div><!-- .tile-front -->\n\n\t\t\t\t\t<div class=\"tile-back tile-type-text ui tb_default_color tf_box tf_w tf_h tf_overflow tf_abs tf_hidden tf_scrollbar\">\n\t\t\t\t<div class=\"tile-inner tf_box\">\n\t\t\t\t\t\t\t\t\t\t\t\t\t\t\t\t\t\t<h4 class=\"tile-title\">T\u00c9MOIGNAGE<\/h4>\n\t\t\t\t\t\t\n\t\t\t\t\t\t<div class=\"tile-content\">\n\t\t\t\t\t\t\t<div class=\"tuile_blockquote\">\n<h3><span class=\"fontstyle0\">T\u00c9MOIGNAGE<\/span><\/h3>\n<p><strong>Gildas L\u2019Hostis, promotion X16 \u00ab Chef du bureau Conduite d\u2019op\u00e9rations Nucl\u00e9aire\/Barracuda \u00bb (minist\u00e8re des Arm\u00e9es)<\/strong><\/p>\n<p>Le mast\u00e8re sp\u00e9cialis\u00e9<span class=\"fontstyle0\">\u00ae <\/span><span class=\"fontstyle0\">Politiques et actions publiques pour le d\u00e9veloppement durable (MS PAPDD) est une formation pluridisciplinaire con\u00e7ue pour former les ing\u00e9nieurs qui serviront demain l\u2019\u00c9tat (et sa population) et assureront ses missions&#8230;<\/span><\/p>\n<\/div>\t\t\t\t\t\t<\/div>\n\t\t\t\t\t\n\t\t\t\t\t\t\t\t\t\t\t<a href=\"\/rapport-activite-2021\/former\/les-formations-du-corps-de-letat\/temoignage-gildas-lhostis\/\" class=\"action-button\"><span><\/span><\/a>\n\t\t\t\t\t\t\t\t\t\t\t\t\t\t\t\t<a href=\"#\" class=\"tile-flip-back-button tf_hide\"><\/a>\n\t\t\t\t\t\t\t\t\t<\/div>\n\t\t\t<\/div><!-- .tile-back -->\n\n\t\t\t<\/div>\n\n\t<\/div><!-- \/module tile -->        <\/div>\n                        <\/div>\n        <\/div>\n        <\/div>\n<!--\/themify_builder_content-->","protected":false},"excerpt":{"rendered":"<p>Les architectes urbanistes de l\u2019\u00c9tat Les architectes urbanistes de l\u2019\u00c9tat Les architectes urbanistes de l\u2019\u00c9tat Les architectes urbanistes de l\u2019\u00c9tat Les ing\u00e9nieurs \u00e9l\u00e8ves du corps des ponts, des eaux et des for\u00eats Les ing\u00e9nieurs \u00e9l\u00e8ves du corps des ponts, des eaux et des for\u00eats La formation du corps des Ponts, des Eaux et des For\u00eats [&hellip;]<\/p>\n","protected":false},"author":1,"featured_media":0,"parent":33,"menu_order":0,"comment_status":"closed","ping_status":"closed","template":"","meta":[],"tags":[],"acf":[],"yoast_head":"<!-- This site is optimized with the Yoast SEO plugin v21.1 - https:\/\/yoast.com\/wordpress\/plugins\/seo\/ -->\n<title>Les formations du Corps de l\u2019\u00c9tat - Rapport d&#039;activit\u00e9 2021<\/title>\n<meta name=\"robots\" content=\"index, follow, max-snippet:-1, max-image-preview:large, max-video-preview:-1\" \/>\n<link rel=\"canonical\" href=\"https:\/\/kiosque.ecoledesponts.fr\/rapport-activite-2021\/former\/les-formations-du-corps-de-letat\/\" \/>\n<meta property=\"og:locale\" content=\"fr_FR\" \/>\n<meta property=\"og:type\" content=\"article\" \/>\n<meta property=\"og:title\" content=\"Les formations du Corps de l\u2019\u00c9tat - Rapport d&#039;activit\u00e9 2021\" \/>\n<meta property=\"og:description\" content=\"Les architectes urbanistes de l\u2019\u00c9tat Les architectes urbanistes de l\u2019\u00c9tat Les architectes urbanistes de l\u2019\u00c9tat Les architectes urbanistes de l\u2019\u00c9tat Les ing\u00e9nieurs \u00e9l\u00e8ves du corps des ponts, des eaux et des for\u00eats Les ing\u00e9nieurs \u00e9l\u00e8ves du corps des ponts, des eaux et des for\u00eats La formation du corps des Ponts, des Eaux et des For\u00eats [&hellip;]\" \/>\n<meta property=\"og:url\" content=\"https:\/\/kiosque.ecoledesponts.fr\/rapport-activite-2021\/former\/les-formations-du-corps-de-letat\/\" \/>\n<meta property=\"og:site_name\" content=\"Rapport d&#039;activit\u00e9 2021\" \/>\n<meta property=\"article:modified_time\" content=\"2022-09-13T12:24:21+00:00\" \/>\n<meta name=\"twitter:card\" content=\"summary_large_image\" \/>\n<meta name=\"twitter:label1\" content=\"Dur\u00e9e de lecture estim\u00e9e\" \/>\n\t<meta name=\"twitter:data1\" content=\"2 minutes\" \/>\n<script type=\"application\/ld+json\" class=\"yoast-schema-graph\">{\"@context\":\"https:\/\/schema.org\",\"@graph\":[{\"@type\":\"WebPage\",\"@id\":\"https:\/\/kiosque.ecoledesponts.fr\/rapport-activite-2021\/former\/les-formations-du-corps-de-letat\/\",\"url\":\"https:\/\/kiosque.ecoledesponts.fr\/rapport-activite-2021\/former\/les-formations-du-corps-de-letat\/\",\"name\":\"Les formations du Corps de l\u2019\u00c9tat - Rapport d'activit\u00e9 2021\",\"isPartOf\":{\"@id\":\"https:\/\/kiosque.ecoledesponts.fr\/rapport-activite-2021\/#website\"},\"datePublished\":\"2022-04-17T08:41:11+00:00\",\"dateModified\":\"2022-09-13T12:24:21+00:00\",\"breadcrumb\":{\"@id\":\"https:\/\/kiosque.ecoledesponts.fr\/rapport-activite-2021\/former\/les-formations-du-corps-de-letat\/#breadcrumb\"},\"inLanguage\":\"fr-FR\",\"potentialAction\":[{\"@type\":\"ReadAction\",\"target\":[\"https:\/\/kiosque.ecoledesponts.fr\/rapport-activite-2021\/former\/les-formations-du-corps-de-letat\/\"]}]},{\"@type\":\"BreadcrumbList\",\"@id\":\"https:\/\/kiosque.ecoledesponts.fr\/rapport-activite-2021\/former\/les-formations-du-corps-de-letat\/#breadcrumb\",\"itemListElement\":[{\"@type\":\"ListItem\",\"position\":1,\"name\":\"Accueil\",\"item\":\"https:\/\/kiosque.ecoledesponts.fr\/rapport-activite-2021\/\"},{\"@type\":\"ListItem\",\"position\":2,\"name\":\"Former\",\"item\":\"https:\/\/kiosque.ecoledesponts.fr\/rapport-activite-2021\/former\/\"},{\"@type\":\"ListItem\",\"position\":3,\"name\":\"Les formations du Corps de l\u2019\u00c9tat\"}]},{\"@type\":\"WebSite\",\"@id\":\"https:\/\/kiosque.ecoledesponts.fr\/rapport-activite-2021\/#website\",\"url\":\"https:\/\/kiosque.ecoledesponts.fr\/rapport-activite-2021\/\",\"name\":\"Rapport d'activit\u00e9 2021\",\"description\":\"Un site utilisant Les sites du kiosque des ponts\",\"potentialAction\":[{\"@type\":\"SearchAction\",\"target\":{\"@type\":\"EntryPoint\",\"urlTemplate\":\"https:\/\/kiosque.ecoledesponts.fr\/rapport-activite-2021\/?s={search_term_string}\"},\"query-input\":\"required name=search_term_string\"}],\"inLanguage\":\"fr-FR\"}]}<\/script>\n<!-- \/ Yoast SEO plugin. -->","yoast_head_json":{"title":"Les formations du Corps de l\u2019\u00c9tat - Rapport d'activit\u00e9 2021","robots":{"index":"index","follow":"follow","max-snippet":"max-snippet:-1","max-image-preview":"max-image-preview:large","max-video-preview":"max-video-preview:-1"},"canonical":"https:\/\/kiosque.ecoledesponts.fr\/rapport-activite-2021\/former\/les-formations-du-corps-de-letat\/","og_locale":"fr_FR","og_type":"article","og_title":"Les formations du Corps de l\u2019\u00c9tat - Rapport d'activit\u00e9 2021","og_description":"Les architectes urbanistes de l\u2019\u00c9tat Les architectes urbanistes de l\u2019\u00c9tat Les architectes urbanistes de l\u2019\u00c9tat Les architectes urbanistes de l\u2019\u00c9tat Les ing\u00e9nieurs \u00e9l\u00e8ves du corps des ponts, des eaux et des for\u00eats Les ing\u00e9nieurs \u00e9l\u00e8ves du corps des ponts, des eaux et des for\u00eats La formation du corps des Ponts, des Eaux et des For\u00eats [&hellip;]","og_url":"https:\/\/kiosque.ecoledesponts.fr\/rapport-activite-2021\/former\/les-formations-du-corps-de-letat\/","og_site_name":"Rapport d'activit\u00e9 2021","article_modified_time":"2022-09-13T12:24:21+00:00","twitter_card":"summary_large_image","twitter_misc":{"Dur\u00e9e de lecture estim\u00e9e":"2 minutes"},"schema":{"@context":"https:\/\/schema.org","@graph":[{"@type":"WebPage","@id":"https:\/\/kiosque.ecoledesponts.fr\/rapport-activite-2021\/former\/les-formations-du-corps-de-letat\/","url":"https:\/\/kiosque.ecoledesponts.fr\/rapport-activite-2021\/former\/les-formations-du-corps-de-letat\/","name":"Les formations du Corps de l\u2019\u00c9tat - Rapport d'activit\u00e9 2021","isPartOf":{"@id":"https:\/\/kiosque.ecoledesponts.fr\/rapport-activite-2021\/#website"},"datePublished":"2022-04-17T08:41:11+00:00","dateModified":"2022-09-13T12:24:21+00:00","breadcrumb":{"@id":"https:\/\/kiosque.ecoledesponts.fr\/rapport-activite-2021\/former\/les-formations-du-corps-de-letat\/#breadcrumb"},"inLanguage":"fr-FR","potentialAction":[{"@type":"ReadAction","target":["https:\/\/kiosque.ecoledesponts.fr\/rapport-activite-2021\/former\/les-formations-du-corps-de-letat\/"]}]},{"@type":"BreadcrumbList","@id":"https:\/\/kiosque.ecoledesponts.fr\/rapport-activite-2021\/former\/les-formations-du-corps-de-letat\/#breadcrumb","itemListElement":[{"@type":"ListItem","position":1,"name":"Accueil","item":"https:\/\/kiosque.ecoledesponts.fr\/rapport-activite-2021\/"},{"@type":"ListItem","position":2,"name":"Former","item":"https:\/\/kiosque.ecoledesponts.fr\/rapport-activite-2021\/former\/"},{"@type":"ListItem","position":3,"name":"Les formations du Corps de l\u2019\u00c9tat"}]},{"@type":"WebSite","@id":"https:\/\/kiosque.ecoledesponts.fr\/rapport-activite-2021\/#website","url":"https:\/\/kiosque.ecoledesponts.fr\/rapport-activite-2021\/","name":"Rapport d'activit\u00e9 2021","description":"Un site utilisant Les sites du kiosque des ponts","potentialAction":[{"@type":"SearchAction","target":{"@type":"EntryPoint","urlTemplate":"https:\/\/kiosque.ecoledesponts.fr\/rapport-activite-2021\/?s={search_term_string}"},"query-input":"required name=search_term_string"}],"inLanguage":"fr-FR"}]}},"builder_content":"<h4>Les architectes urbanistes de l\u2019\u00c9tat<\/h4> <h3>Les architectes urbanistes de l\u2019\u00c9tat<\/h3> <a href=\"\/rapport-activite-2021\/former\/les-formations-du-corps-de-letat\/les-architectes-urbanistes-de-letat\/\"><\/a> <a href=\"#\"><\/a> \n <h4>Les architectes urbanistes de l\u2019\u00c9tat<\/h4> <h3>Les architectes urbanistes de l\u2019\u00c9tat<\/h3> <a href=\"\/rapport-activite-2021\/former\/les-formations-du-corps-de-letat\/les-architectes-urbanistes-de-letat\/\"><\/a> <a href=\"#\"><\/a>\n<h4>Les ing\u00e9nieurs \u00e9l\u00e8ves du corps des ponts, des eaux et des for\u00eats<\/h4> <h3>Les ing\u00e9nieurs \u00e9l\u00e8ves du corps des ponts, des eaux et des for\u00eats<\/h3> <p>La formation du corps des Ponts, des Eaux et des For\u00eats est organis\u00e9e conjointement par l\u2019\u00c9cole des Ponts ParisTech et AgroParisTech. Si le recrutement s\u2019effectue principalement \u00e0 la sortie de l\u2019\u00c9cole polytechnique (X), il est aussi ouvert aux \u00c9coles normales sup\u00e9rieures (ENS) et \u00e0 d\u2019autres grandes \u00e9coles scientifiques, dont AgroParisTech et l\u2019\u00c9cole des Ponts ParisTech.<\/p> <a href=\"\/rapport-activite-2021\/former\/les-formations-du-corps-de-letat\/les-ingenieurs-eleves-du-corps-des-ponts-des-eaux-et-des-forets\/\"><\/a> <a href=\"#\"><\/a> \n <h4>Les ing\u00e9nieurs \u00e9l\u00e8ves du corps des ponts, des eaux et des for\u00eats<\/h4> <h3>Les ing\u00e9nieurs \u00e9l\u00e8ves du corps des ponts, des eaux et des for\u00eats<\/h3> <p>La formation du corps des Ponts, des Eaux et des For\u00eats est organis\u00e9e conjointement par l\u2019\u00c9cole des Ponts ParisTech et AgroParisTech. Si le recrutement s\u2019effectue principalement \u00e0 la sortie de l\u2019\u00c9cole polytechnique (X), il est aussi ouvert aux \u00c9coles normales sup\u00e9rieures (ENS) et \u00e0 d\u2019autres grandes \u00e9coles scientifiques, dont AgroParisTech et l\u2019\u00c9cole des Ponts ParisTech.<\/p> <a href=\"\/rapport-activite-2021\/former\/les-formations-du-corps-de-letat\/les-ingenieurs-eleves-du-corps-des-ponts-des-eaux-et-des-forets\/\"><\/a> <a href=\"#\"><\/a>\n<h4>LES CADRES DE LA HAUTE FONCTION PUBLIQUE<\/h4> <h3>LES CADRES DE LA HAUTE FONCTION PUBLIQUE<br \/> <\/h3> <p>Suite \u00e0 la d\u00e9cision du gouvernement, fin 2020, de mettre en place un tronc commun de formation pour tous les hauts fonctionnaires, l\u2019\u00c9cole des Ponts ParisTech s\u2019est charg\u00e9e de cr\u00e9er le module sur la transition \u00e9cologique, en association avec AgroParisTech et l\u2019INET. Disponible sur la plateforme Mentor, celui-ci a \u00e9t\u00e9 dispens\u00e9 en septembre 2021 aux ing\u00e9nieurs des Ponts, des Eaux et des For\u00eats avant les autres corps de l\u2019\u00c9tat, soit environ 800 agents des trois fonctions publiques au cours de l\u2019ann\u00e9e 2021-2022. Le tronc commun de la formation des cadres de la haute fonction publique est coordonn\u00e9 par le nouvel Institut national du service public (INSP), qui remplace l\u2019ENA.<\/p> <p>[addtoany url=\"http:\/\/kiosque.ecoledesponts.fr\/rapport-activite-2021\/former\/les-formations-du-corps-de-letat\/les-cadres-de-la-haute-fonction-publique\/\" title=\"Les cadres de la Haute Fonction Publique\"]<\/p> <a href=\"#\"><\/a> \n <a href=\"#\"><\/a>\n<h4>T\u00c9MOIGNAGE<\/h4> <h3>T\u00c9MOIGNAGE<\/h3> <p><strong>Gildas L\u2019Hostis, promotion X16 \u00ab Chef du bureau Conduite d\u2019op\u00e9rations Nucl\u00e9aire\/Barracuda \u00bb (minist\u00e8re des Arm\u00e9es)<\/strong><\/p> <p>Le mast\u00e8re sp\u00e9cialis\u00e9\u00ae Politiques et actions publiques pour le d\u00e9veloppement durable (MS PAPDD) est une formation pluridisciplinaire con\u00e7ue pour former les ing\u00e9nieurs qui serviront demain l\u2019\u00c9tat (et sa population) et assureront ses missions...<\/p>\n <a href=\"\/rapport-activite-2021\/former\/les-formations-du-corps-de-letat\/temoignage-gildas-lhostis\/\"><\/a> <a href=\"#\"><\/a> \n <h4>T\u00c9MOIGNAGE<\/h4> <h3>T\u00c9MOIGNAGE<\/h3> <p><strong>Gildas L\u2019Hostis, promotion X16 \u00ab Chef du bureau Conduite d\u2019op\u00e9rations Nucl\u00e9aire\/Barracuda \u00bb (minist\u00e8re des Arm\u00e9es)<\/strong><\/p> <p>Le mast\u00e8re sp\u00e9cialis\u00e9\u00ae Politiques et actions publiques pour le d\u00e9veloppement durable (MS PAPDD) est une formation pluridisciplinaire con\u00e7ue pour former les ing\u00e9nieurs qui serviront demain l\u2019\u00c9tat (et sa population) et assureront ses missions...<\/p> <a href=\"\/rapport-activite-2021\/former\/les-formations-du-corps-de-letat\/temoignage-gildas-lhostis\/\"><\/a> <a href=\"#\"><\/a>","_links":{"self":[{"href":"https:\/\/kiosque.ecoledesponts.fr\/rapport-activite-2021\/wp-json\/wp\/v2\/pages\/43"}],"collection":[{"href":"https:\/\/kiosque.ecoledesponts.fr\/rapport-activite-2021\/wp-json\/wp\/v2\/pages"}],"about":[{"href":"https:\/\/kiosque.ecoledesponts.fr\/rapport-activite-2021\/wp-json\/wp\/v2\/types\/page"}],"author":[{"embeddable":true,"href":"https:\/\/kiosque.ecoledesponts.fr\/rapport-activite-2021\/wp-json\/wp\/v2\/users\/1"}],"replies":[{"embeddable":true,"href":"https:\/\/kiosque.ecoledesponts.fr\/rapport-activite-2021\/wp-json\/wp\/v2\/comments?post=43"}],"version-history":[{"count":22,"href":"https:\/\/kiosque.ecoledesponts.fr\/rapport-activite-2021\/wp-json\/wp\/v2\/pages\/43\/revisions"}],"predecessor-version":[{"id":3601,"href":"https:\/\/kiosque.ecoledesponts.fr\/rapport-activite-2021\/wp-json\/wp\/v2\/pages\/43\/revisions\/3601"}],"up":[{"embeddable":true,"href":"https:\/\/kiosque.ecoledesponts.fr\/rapport-activite-2021\/wp-json\/wp\/v2\/pages\/33"}],"wp:attachment":[{"href":"https:\/\/kiosque.ecoledesponts.fr\/rapport-activite-2021\/wp-json\/wp\/v2\/media?parent=43"}],"wp:term":[{"taxonomy":"post_tag","embeddable":true,"href":"https:\/\/kiosque.ecoledesponts.fr\/rapport-activite-2021\/wp-json\/wp\/v2\/tags?post=43"}],"curies":[{"name":"wp","href":"https:\/\/api.w.org\/{rel}","templated":true}]}}