{"id":615,"date":"2022-07-29T12:25:50","date_gmt":"2022-07-29T10:25:50","guid":{"rendered":"http:\/\/kiosque.ecoledesponts.fr\/rapport-activite-2021\/?page_id=615"},"modified":"2023-01-02T16:02:30","modified_gmt":"2023-01-02T15:02:30","slug":"ponts-formation-conseil","status":"publish","type":"page","link":"https:\/\/kiosque.ecoledesponts.fr\/rapport-activite-2021\/former\/la-formation-continue\/ponts-formation-conseil\/","title":{"rendered":"Ponts Formation Conseil"},"content":{"rendered":"<!-- wp:themify-builder\/canvas \/-->\n\n<p>Organisme de formation de r\u00e9f\u00e9rence des entreprises du g\u00e9nie civil, des transports, du cadre de vie et de l\u2019\u00e9nergie, Ponts Formation Conseil (PFC) accompagne les acteurs des secteurs public et priv\u00e9 dans le d\u00e9veloppement et l\u2019adaptation de leurs comp\u00e9tences professionnelles aux nouveaux enjeux. PFC r\u00e9pond aux demandes de ses 5\u202f300 clients annuels en proposant un large \u00e9ventail de dispositifs de formation tant en pr\u00e9sentiel qu\u2019\u00e0 distance, ou encore en format hybride. Une collection de 220 ouvrages techniques \u00e9dit\u00e9s par les Presses des Ponts vient compl\u00e9ter ce choix.<\/p>\n<h2>PFC D\u00c9VELOPPE DES PROJETS COMPLEXES POUR SES CLIENTS<\/h2>\n<p>L\u2019expertise reconnue de PFC lui permet d\u2019accompagner ses clients sur tous leurs projets. \u00c0 leur demande, 179 formations sur mesure ont \u00e9t\u00e9 r\u00e9alis\u00e9es en 2021, avec une grande vari\u00e9t\u00e9 de th\u00e8mes et de formats. Cette diversit\u00e9 peut \u00eatre illustr\u00e9e par l\u2019activit\u00e9 de ses commanditaires\u202f: ing\u00e9nierie, construction, industrie, collectivit\u00e9s territoriales, grandes entreprises nationales et services de l\u2019\u00c9tat. Elle peut aussi \u00eatre approch\u00e9e par la dominante des sujets\u202f: technique, juridique et bien souvent manag\u00e9rial pour les projets \u00e0 fort enjeu.<\/p>\n<h2>PFC, ACTEUR DE LA CONSTRUCTION DES MONDES DE DEMAIN<\/h2>\n<p>Les d\u00e9veloppements de l\u2019offre catalogue montrent la volont\u00e9 de pr\u00e9parer tous les acteurs aux transitions \u00e9cologiques et num\u00e9riques. L\u2019offre s\u2019est enrichie significativement en 2021 dans les domaines de l\u2019urbanisme et des projets d\u2019am\u00e9nagement (par exemple, se pr\u00e9parer \u00e0 faire la ville de demain), de la performance environnementale des b\u00e2timents (par exemple, piloter une op\u00e9ration de construction-r\u00e9habilitation bas carbone) et du g\u00e9nie civil de l\u2019eau (par exemple, r\u00e9habilitation des r\u00e9servoirs en b\u00e9ton ou en ma\u00e7onnerie).<\/p>\n<p>En 2021, plusieurs journ\u00e9es d\u2019actualit\u00e9 sur la vacance immobili\u00e8re et la gestion des terres excav\u00e9es ont \u00e9t\u00e9 organis\u00e9es. <\/p>","protected":false},"excerpt":{"rendered":"<p>Organisme de formation de r\u00e9f\u00e9rence des entreprises du g\u00e9nie civil, des transports, du cadre de vie et de l\u2019\u00e9nergie, Ponts Formation Conseil (PFC) accompagne les acteurs des secteurs public et priv\u00e9 dans le d\u00e9veloppement et l\u2019adaptation de leurs comp\u00e9tences professionnelles aux nouveaux enjeux. PFC r\u00e9pond aux demandes de ses 5\u202f300 clients annuels en proposant un [&hellip;]<\/p>\n","protected":false},"author":1,"featured_media":0,"parent":47,"menu_order":0,"comment_status":"closed","ping_status":"closed","template":"page_violet.php","meta":[],"tags":[33,31],"acf":[],"yoast_head":"<!-- This site is optimized with the Yoast SEO plugin v21.1 - https:\/\/yoast.com\/wordpress\/plugins\/seo\/ -->\n<title>Ponts Formation Conseil - Rapport d&#039;activit\u00e9 2021<\/title>\n<meta name=\"robots\" content=\"index, follow, max-snippet:-1, max-image-preview:large, max-video-preview:-1\" \/>\n<link rel=\"canonical\" href=\"https:\/\/kiosque.ecoledesponts.fr\/rapport-activite-2021\/former\/la-formation-continue\/ponts-formation-conseil\/\" \/>\n<meta property=\"og:locale\" content=\"fr_FR\" \/>\n<meta property=\"og:type\" content=\"article\" \/>\n<meta property=\"og:title\" content=\"Ponts Formation Conseil - Rapport d&#039;activit\u00e9 2021\" \/>\n<meta property=\"og:description\" content=\"Organisme de formation de r\u00e9f\u00e9rence des entreprises du g\u00e9nie civil, des transports, du cadre de vie et de l\u2019\u00e9nergie, Ponts Formation Conseil (PFC) accompagne les acteurs des secteurs public et priv\u00e9 dans le d\u00e9veloppement et l\u2019adaptation de leurs comp\u00e9tences professionnelles aux nouveaux enjeux. PFC r\u00e9pond aux demandes de ses 5\u202f300 clients annuels en proposant un [&hellip;]\" \/>\n<meta property=\"og:url\" content=\"https:\/\/kiosque.ecoledesponts.fr\/rapport-activite-2021\/former\/la-formation-continue\/ponts-formation-conseil\/\" \/>\n<meta property=\"og:site_name\" content=\"Rapport d&#039;activit\u00e9 2021\" \/>\n<meta property=\"article:modified_time\" content=\"2023-01-02T15:02:30+00:00\" \/>\n<meta name=\"twitter:card\" content=\"summary_large_image\" \/>\n<meta name=\"twitter:label1\" content=\"Dur\u00e9e de lecture estim\u00e9e\" \/>\n\t<meta name=\"twitter:data1\" content=\"2 minutes\" \/>\n<script type=\"application\/ld+json\" class=\"yoast-schema-graph\">{\"@context\":\"https:\/\/schema.org\",\"@graph\":[{\"@type\":\"WebPage\",\"@id\":\"https:\/\/kiosque.ecoledesponts.fr\/rapport-activite-2021\/former\/la-formation-continue\/ponts-formation-conseil\/\",\"url\":\"https:\/\/kiosque.ecoledesponts.fr\/rapport-activite-2021\/former\/la-formation-continue\/ponts-formation-conseil\/\",\"name\":\"Ponts Formation Conseil - Rapport d'activit\u00e9 2021\",\"isPartOf\":{\"@id\":\"https:\/\/kiosque.ecoledesponts.fr\/rapport-activite-2021\/#website\"},\"datePublished\":\"2022-07-29T10:25:50+00:00\",\"dateModified\":\"2023-01-02T15:02:30+00:00\",\"breadcrumb\":{\"@id\":\"https:\/\/kiosque.ecoledesponts.fr\/rapport-activite-2021\/former\/la-formation-continue\/ponts-formation-conseil\/#breadcrumb\"},\"inLanguage\":\"fr-FR\",\"potentialAction\":[{\"@type\":\"ReadAction\",\"target\":[\"https:\/\/kiosque.ecoledesponts.fr\/rapport-activite-2021\/former\/la-formation-continue\/ponts-formation-conseil\/\"]}]},{\"@type\":\"BreadcrumbList\",\"@id\":\"https:\/\/kiosque.ecoledesponts.fr\/rapport-activite-2021\/former\/la-formation-continue\/ponts-formation-conseil\/#breadcrumb\",\"itemListElement\":[{\"@type\":\"ListItem\",\"position\":1,\"name\":\"Accueil\",\"item\":\"https:\/\/kiosque.ecoledesponts.fr\/rapport-activite-2021\/\"},{\"@type\":\"ListItem\",\"position\":2,\"name\":\"Former\",\"item\":\"https:\/\/kiosque.ecoledesponts.fr\/rapport-activite-2021\/former\/\"},{\"@type\":\"ListItem\",\"position\":3,\"name\":\"La formation continue\",\"item\":\"https:\/\/kiosque.ecoledesponts.fr\/rapport-activite-2021\/former\/la-formation-continue\/\"},{\"@type\":\"ListItem\",\"position\":4,\"name\":\"Ponts Formation Conseil\"}]},{\"@type\":\"WebSite\",\"@id\":\"https:\/\/kiosque.ecoledesponts.fr\/rapport-activite-2021\/#website\",\"url\":\"https:\/\/kiosque.ecoledesponts.fr\/rapport-activite-2021\/\",\"name\":\"Rapport d'activit\u00e9 2021\",\"description\":\"Un site utilisant Les sites du kiosque des ponts\",\"potentialAction\":[{\"@type\":\"SearchAction\",\"target\":{\"@type\":\"EntryPoint\",\"urlTemplate\":\"https:\/\/kiosque.ecoledesponts.fr\/rapport-activite-2021\/?s={search_term_string}\"},\"query-input\":\"required name=search_term_string\"}],\"inLanguage\":\"fr-FR\"}]}<\/script>\n<!-- \/ Yoast SEO plugin. -->","yoast_head_json":{"title":"Ponts Formation Conseil - Rapport d'activit\u00e9 2021","robots":{"index":"index","follow":"follow","max-snippet":"max-snippet:-1","max-image-preview":"max-image-preview:large","max-video-preview":"max-video-preview:-1"},"canonical":"https:\/\/kiosque.ecoledesponts.fr\/rapport-activite-2021\/former\/la-formation-continue\/ponts-formation-conseil\/","og_locale":"fr_FR","og_type":"article","og_title":"Ponts Formation Conseil - Rapport d'activit\u00e9 2021","og_description":"Organisme de formation de r\u00e9f\u00e9rence des entreprises du g\u00e9nie civil, des transports, du cadre de vie et de l\u2019\u00e9nergie, Ponts Formation Conseil (PFC) accompagne les acteurs des secteurs public et priv\u00e9 dans le d\u00e9veloppement et l\u2019adaptation de leurs comp\u00e9tences professionnelles aux nouveaux enjeux. PFC r\u00e9pond aux demandes de ses 5\u202f300 clients annuels en proposant un [&hellip;]","og_url":"https:\/\/kiosque.ecoledesponts.fr\/rapport-activite-2021\/former\/la-formation-continue\/ponts-formation-conseil\/","og_site_name":"Rapport d'activit\u00e9 2021","article_modified_time":"2023-01-02T15:02:30+00:00","twitter_card":"summary_large_image","twitter_misc":{"Dur\u00e9e de lecture estim\u00e9e":"2 minutes"},"schema":{"@context":"https:\/\/schema.org","@graph":[{"@type":"WebPage","@id":"https:\/\/kiosque.ecoledesponts.fr\/rapport-activite-2021\/former\/la-formation-continue\/ponts-formation-conseil\/","url":"https:\/\/kiosque.ecoledesponts.fr\/rapport-activite-2021\/former\/la-formation-continue\/ponts-formation-conseil\/","name":"Ponts Formation Conseil - Rapport d'activit\u00e9 2021","isPartOf":{"@id":"https:\/\/kiosque.ecoledesponts.fr\/rapport-activite-2021\/#website"},"datePublished":"2022-07-29T10:25:50+00:00","dateModified":"2023-01-02T15:02:30+00:00","breadcrumb":{"@id":"https:\/\/kiosque.ecoledesponts.fr\/rapport-activite-2021\/former\/la-formation-continue\/ponts-formation-conseil\/#breadcrumb"},"inLanguage":"fr-FR","potentialAction":[{"@type":"ReadAction","target":["https:\/\/kiosque.ecoledesponts.fr\/rapport-activite-2021\/former\/la-formation-continue\/ponts-formation-conseil\/"]}]},{"@type":"BreadcrumbList","@id":"https:\/\/kiosque.ecoledesponts.fr\/rapport-activite-2021\/former\/la-formation-continue\/ponts-formation-conseil\/#breadcrumb","itemListElement":[{"@type":"ListItem","position":1,"name":"Accueil","item":"https:\/\/kiosque.ecoledesponts.fr\/rapport-activite-2021\/"},{"@type":"ListItem","position":2,"name":"Former","item":"https:\/\/kiosque.ecoledesponts.fr\/rapport-activite-2021\/former\/"},{"@type":"ListItem","position":3,"name":"La formation continue","item":"https:\/\/kiosque.ecoledesponts.fr\/rapport-activite-2021\/former\/la-formation-continue\/"},{"@type":"ListItem","position":4,"name":"Ponts Formation Conseil"}]},{"@type":"WebSite","@id":"https:\/\/kiosque.ecoledesponts.fr\/rapport-activite-2021\/#website","url":"https:\/\/kiosque.ecoledesponts.fr\/rapport-activite-2021\/","name":"Rapport d'activit\u00e9 2021","description":"Un site utilisant Les sites du kiosque des ponts","potentialAction":[{"@type":"SearchAction","target":{"@type":"EntryPoint","urlTemplate":"https:\/\/kiosque.ecoledesponts.fr\/rapport-activite-2021\/?s={search_term_string}"},"query-input":"required name=search_term_string"}],"inLanguage":"fr-FR"}]}},"builder_content":"","_links":{"self":[{"href":"https:\/\/kiosque.ecoledesponts.fr\/rapport-activite-2021\/wp-json\/wp\/v2\/pages\/615"}],"collection":[{"href":"https:\/\/kiosque.ecoledesponts.fr\/rapport-activite-2021\/wp-json\/wp\/v2\/pages"}],"about":[{"href":"https:\/\/kiosque.ecoledesponts.fr\/rapport-activite-2021\/wp-json\/wp\/v2\/types\/page"}],"author":[{"embeddable":true,"href":"https:\/\/kiosque.ecoledesponts.fr\/rapport-activite-2021\/wp-json\/wp\/v2\/users\/1"}],"replies":[{"embeddable":true,"href":"https:\/\/kiosque.ecoledesponts.fr\/rapport-activite-2021\/wp-json\/wp\/v2\/comments?post=615"}],"version-history":[{"count":3,"href":"https:\/\/kiosque.ecoledesponts.fr\/rapport-activite-2021\/wp-json\/wp\/v2\/pages\/615\/revisions"}],"predecessor-version":[{"id":4165,"href":"https:\/\/kiosque.ecoledesponts.fr\/rapport-activite-2021\/wp-json\/wp\/v2\/pages\/615\/revisions\/4165"}],"up":[{"embeddable":true,"href":"https:\/\/kiosque.ecoledesponts.fr\/rapport-activite-2021\/wp-json\/wp\/v2\/pages\/47"}],"wp:attachment":[{"href":"https:\/\/kiosque.ecoledesponts.fr\/rapport-activite-2021\/wp-json\/wp\/v2\/media?parent=615"}],"wp:term":[{"taxonomy":"post_tag","embeddable":true,"href":"https:\/\/kiosque.ecoledesponts.fr\/rapport-activite-2021\/wp-json\/wp\/v2\/tags?post=615"}],"curies":[{"name":"wp","href":"https:\/\/api.w.org\/{rel}","templated":true}]}}