{"id":731,"date":"2022-07-29T17:23:18","date_gmt":"2022-07-29T15:23:18","guid":{"rendered":"http:\/\/kiosque.ecoledesponts.fr\/rapport-activite-2021\/?page_id=731"},"modified":"2023-01-02T16:12:02","modified_gmt":"2023-01-02T15:12:02","slug":"production-scientifique-et-publications","status":"publish","type":"page","link":"https:\/\/kiosque.ecoledesponts.fr\/rapport-activite-2021\/chercher-et-innover\/reussir-la-transition-ecologique\/production-scientifique-et-publications\/","title":{"rendered":"Production scientifique et publications"},"content":{"rendered":"<!-- wp:themify-builder\/canvas \/-->\n\n<p>En 2021, 995 publications de l\u2019\u00c9cole des Ponts ParisTech ont \u00e9t\u00e9 enregistr\u00e9es dans WoS et Scopus, en progression significative par rapport \u00e0 2020 (968 publications). L\u2019analyse bibliom\u00e9trique sur la p\u00e9riode de publication 2017-2021 met en \u00e9vidence la transversalit\u00e9 des quatre enjeux socio-\u00e9conomiques de la recherche de l\u2019\u00c9cole, qui impliquent tous les laboratoires. Elle permet \u00e9galement d\u2019\u00e9valuer la contribution de la production scientifique de l\u2019\u00c9cole des Ponts ParisTech \u00e0 l\u2019enrichissement de la connaissance n\u00e9cessaire pour comprendre les changements \u00e0 l\u2019\u0153uvre et r\u00e9pondre aux d\u00e9fis de la transition \u00e9cologique.<\/p>","protected":false},"excerpt":{"rendered":"<p>En 2021, 995 publications de l\u2019\u00c9cole des Ponts ParisTech ont \u00e9t\u00e9 enregistr\u00e9es dans WoS et Scopus, en progression significative par rapport \u00e0 2020 (968 publications). L\u2019analyse bibliom\u00e9trique sur la p\u00e9riode de publication 2017-2021 met en \u00e9vidence la transversalit\u00e9 des quatre enjeux socio-\u00e9conomiques de la recherche de l\u2019\u00c9cole, qui impliquent tous les laboratoires. Elle permet \u00e9galement [&hellip;]<\/p>\n","protected":false},"author":1,"featured_media":0,"parent":627,"menu_order":0,"comment_status":"closed","ping_status":"closed","template":"page_orange.php","meta":[],"tags":[49,29,39],"acf":[],"yoast_head":"<!-- This site is optimized with the Yoast SEO plugin v21.1 - https:\/\/yoast.com\/wordpress\/plugins\/seo\/ -->\n<title>Production scientifique et publications - Rapport d&#039;activit\u00e9 2021<\/title>\n<meta name=\"robots\" content=\"index, follow, max-snippet:-1, max-image-preview:large, max-video-preview:-1\" \/>\n<link rel=\"canonical\" href=\"https:\/\/kiosque.ecoledesponts.fr\/rapport-activite-2021\/chercher-et-innover\/reussir-la-transition-ecologique\/production-scientifique-et-publications\/\" \/>\n<meta property=\"og:locale\" content=\"fr_FR\" \/>\n<meta property=\"og:type\" content=\"article\" \/>\n<meta property=\"og:title\" content=\"Production scientifique et publications - Rapport d&#039;activit\u00e9 2021\" \/>\n<meta property=\"og:description\" content=\"En 2021, 995 publications de l\u2019\u00c9cole des Ponts ParisTech ont \u00e9t\u00e9 enregistr\u00e9es dans WoS et Scopus, en progression significative par rapport \u00e0 2020 (968 publications). L\u2019analyse bibliom\u00e9trique sur la p\u00e9riode de publication 2017-2021 met en \u00e9vidence la transversalit\u00e9 des quatre enjeux socio-\u00e9conomiques de la recherche de l\u2019\u00c9cole, qui impliquent tous les laboratoires. Elle permet \u00e9galement [&hellip;]\" \/>\n<meta property=\"og:url\" content=\"https:\/\/kiosque.ecoledesponts.fr\/rapport-activite-2021\/chercher-et-innover\/reussir-la-transition-ecologique\/production-scientifique-et-publications\/\" \/>\n<meta property=\"og:site_name\" content=\"Rapport d&#039;activit\u00e9 2021\" \/>\n<meta property=\"article:modified_time\" content=\"2023-01-02T15:12:02+00:00\" \/>\n<meta name=\"twitter:card\" content=\"summary_large_image\" \/>\n<script type=\"application\/ld+json\" class=\"yoast-schema-graph\">{\"@context\":\"https:\/\/schema.org\",\"@graph\":[{\"@type\":\"WebPage\",\"@id\":\"https:\/\/kiosque.ecoledesponts.fr\/rapport-activite-2021\/chercher-et-innover\/reussir-la-transition-ecologique\/production-scientifique-et-publications\/\",\"url\":\"https:\/\/kiosque.ecoledesponts.fr\/rapport-activite-2021\/chercher-et-innover\/reussir-la-transition-ecologique\/production-scientifique-et-publications\/\",\"name\":\"Production scientifique et publications - Rapport d'activit\u00e9 2021\",\"isPartOf\":{\"@id\":\"https:\/\/kiosque.ecoledesponts.fr\/rapport-activite-2021\/#website\"},\"datePublished\":\"2022-07-29T15:23:18+00:00\",\"dateModified\":\"2023-01-02T15:12:02+00:00\",\"breadcrumb\":{\"@id\":\"https:\/\/kiosque.ecoledesponts.fr\/rapport-activite-2021\/chercher-et-innover\/reussir-la-transition-ecologique\/production-scientifique-et-publications\/#breadcrumb\"},\"inLanguage\":\"fr-FR\",\"potentialAction\":[{\"@type\":\"ReadAction\",\"target\":[\"https:\/\/kiosque.ecoledesponts.fr\/rapport-activite-2021\/chercher-et-innover\/reussir-la-transition-ecologique\/production-scientifique-et-publications\/\"]}]},{\"@type\":\"BreadcrumbList\",\"@id\":\"https:\/\/kiosque.ecoledesponts.fr\/rapport-activite-2021\/chercher-et-innover\/reussir-la-transition-ecologique\/production-scientifique-et-publications\/#breadcrumb\",\"itemListElement\":[{\"@type\":\"ListItem\",\"position\":1,\"name\":\"Accueil\",\"item\":\"https:\/\/kiosque.ecoledesponts.fr\/rapport-activite-2021\/\"},{\"@type\":\"ListItem\",\"position\":2,\"name\":\"Chercher et innover\",\"item\":\"https:\/\/kiosque.ecoledesponts.fr\/rapport-activite-2021\/chercher-et-innover\/\"},{\"@type\":\"ListItem\",\"position\":3,\"name\":\"R\u00e9ussir la transition \u00e9cologique\",\"item\":\"https:\/\/kiosque.ecoledesponts.fr\/rapport-activite-2021\/chercher-et-innover\/reussir-la-transition-ecologique\/\"},{\"@type\":\"ListItem\",\"position\":4,\"name\":\"Production scientifique et publications\"}]},{\"@type\":\"WebSite\",\"@id\":\"https:\/\/kiosque.ecoledesponts.fr\/rapport-activite-2021\/#website\",\"url\":\"https:\/\/kiosque.ecoledesponts.fr\/rapport-activite-2021\/\",\"name\":\"Rapport d'activit\u00e9 2021\",\"description\":\"Un site utilisant Les sites du kiosque des ponts\",\"potentialAction\":[{\"@type\":\"SearchAction\",\"target\":{\"@type\":\"EntryPoint\",\"urlTemplate\":\"https:\/\/kiosque.ecoledesponts.fr\/rapport-activite-2021\/?s={search_term_string}\"},\"query-input\":\"required name=search_term_string\"}],\"inLanguage\":\"fr-FR\"}]}<\/script>\n<!-- \/ Yoast SEO plugin. -->","yoast_head_json":{"title":"Production scientifique et publications - Rapport d'activit\u00e9 2021","robots":{"index":"index","follow":"follow","max-snippet":"max-snippet:-1","max-image-preview":"max-image-preview:large","max-video-preview":"max-video-preview:-1"},"canonical":"https:\/\/kiosque.ecoledesponts.fr\/rapport-activite-2021\/chercher-et-innover\/reussir-la-transition-ecologique\/production-scientifique-et-publications\/","og_locale":"fr_FR","og_type":"article","og_title":"Production scientifique et publications - Rapport d'activit\u00e9 2021","og_description":"En 2021, 995 publications de l\u2019\u00c9cole des Ponts ParisTech ont \u00e9t\u00e9 enregistr\u00e9es dans WoS et Scopus, en progression significative par rapport \u00e0 2020 (968 publications). L\u2019analyse bibliom\u00e9trique sur la p\u00e9riode de publication 2017-2021 met en \u00e9vidence la transversalit\u00e9 des quatre enjeux socio-\u00e9conomiques de la recherche de l\u2019\u00c9cole, qui impliquent tous les laboratoires. Elle permet \u00e9galement [&hellip;]","og_url":"https:\/\/kiosque.ecoledesponts.fr\/rapport-activite-2021\/chercher-et-innover\/reussir-la-transition-ecologique\/production-scientifique-et-publications\/","og_site_name":"Rapport d'activit\u00e9 2021","article_modified_time":"2023-01-02T15:12:02+00:00","twitter_card":"summary_large_image","schema":{"@context":"https:\/\/schema.org","@graph":[{"@type":"WebPage","@id":"https:\/\/kiosque.ecoledesponts.fr\/rapport-activite-2021\/chercher-et-innover\/reussir-la-transition-ecologique\/production-scientifique-et-publications\/","url":"https:\/\/kiosque.ecoledesponts.fr\/rapport-activite-2021\/chercher-et-innover\/reussir-la-transition-ecologique\/production-scientifique-et-publications\/","name":"Production scientifique et publications - Rapport d'activit\u00e9 2021","isPartOf":{"@id":"https:\/\/kiosque.ecoledesponts.fr\/rapport-activite-2021\/#website"},"datePublished":"2022-07-29T15:23:18+00:00","dateModified":"2023-01-02T15:12:02+00:00","breadcrumb":{"@id":"https:\/\/kiosque.ecoledesponts.fr\/rapport-activite-2021\/chercher-et-innover\/reussir-la-transition-ecologique\/production-scientifique-et-publications\/#breadcrumb"},"inLanguage":"fr-FR","potentialAction":[{"@type":"ReadAction","target":["https:\/\/kiosque.ecoledesponts.fr\/rapport-activite-2021\/chercher-et-innover\/reussir-la-transition-ecologique\/production-scientifique-et-publications\/"]}]},{"@type":"BreadcrumbList","@id":"https:\/\/kiosque.ecoledesponts.fr\/rapport-activite-2021\/chercher-et-innover\/reussir-la-transition-ecologique\/production-scientifique-et-publications\/#breadcrumb","itemListElement":[{"@type":"ListItem","position":1,"name":"Accueil","item":"https:\/\/kiosque.ecoledesponts.fr\/rapport-activite-2021\/"},{"@type":"ListItem","position":2,"name":"Chercher et innover","item":"https:\/\/kiosque.ecoledesponts.fr\/rapport-activite-2021\/chercher-et-innover\/"},{"@type":"ListItem","position":3,"name":"R\u00e9ussir la transition \u00e9cologique","item":"https:\/\/kiosque.ecoledesponts.fr\/rapport-activite-2021\/chercher-et-innover\/reussir-la-transition-ecologique\/"},{"@type":"ListItem","position":4,"name":"Production scientifique et publications"}]},{"@type":"WebSite","@id":"https:\/\/kiosque.ecoledesponts.fr\/rapport-activite-2021\/#website","url":"https:\/\/kiosque.ecoledesponts.fr\/rapport-activite-2021\/","name":"Rapport d'activit\u00e9 2021","description":"Un site utilisant Les sites du kiosque des ponts","potentialAction":[{"@type":"SearchAction","target":{"@type":"EntryPoint","urlTemplate":"https:\/\/kiosque.ecoledesponts.fr\/rapport-activite-2021\/?s={search_term_string}"},"query-input":"required name=search_term_string"}],"inLanguage":"fr-FR"}]}},"builder_content":"","_links":{"self":[{"href":"https:\/\/kiosque.ecoledesponts.fr\/rapport-activite-2021\/wp-json\/wp\/v2\/pages\/731"}],"collection":[{"href":"https:\/\/kiosque.ecoledesponts.fr\/rapport-activite-2021\/wp-json\/wp\/v2\/pages"}],"about":[{"href":"https:\/\/kiosque.ecoledesponts.fr\/rapport-activite-2021\/wp-json\/wp\/v2\/types\/page"}],"author":[{"embeddable":true,"href":"https:\/\/kiosque.ecoledesponts.fr\/rapport-activite-2021\/wp-json\/wp\/v2\/users\/1"}],"replies":[{"embeddable":true,"href":"https:\/\/kiosque.ecoledesponts.fr\/rapport-activite-2021\/wp-json\/wp\/v2\/comments?post=731"}],"version-history":[{"count":2,"href":"https:\/\/kiosque.ecoledesponts.fr\/rapport-activite-2021\/wp-json\/wp\/v2\/pages\/731\/revisions"}],"predecessor-version":[{"id":4187,"href":"https:\/\/kiosque.ecoledesponts.fr\/rapport-activite-2021\/wp-json\/wp\/v2\/pages\/731\/revisions\/4187"}],"up":[{"embeddable":true,"href":"https:\/\/kiosque.ecoledesponts.fr\/rapport-activite-2021\/wp-json\/wp\/v2\/pages\/627"}],"wp:attachment":[{"href":"https:\/\/kiosque.ecoledesponts.fr\/rapport-activite-2021\/wp-json\/wp\/v2\/media?parent=731"}],"wp:term":[{"taxonomy":"post_tag","embeddable":true,"href":"https:\/\/kiosque.ecoledesponts.fr\/rapport-activite-2021\/wp-json\/wp\/v2\/tags?post=731"}],"curies":[{"name":"wp","href":"https:\/\/api.w.org\/{rel}","templated":true}]}}