{"id":771,"date":"2022-08-09T10:53:25","date_gmt":"2022-08-09T08:53:25","guid":{"rendered":"http:\/\/kiosque.ecoledesponts.fr\/rapport-activite-2021\/?page_id=771"},"modified":"2023-01-02T16:25:34","modified_gmt":"2023-01-02T15:25:34","slug":"fil-conducteur-2021","status":"publish","type":"page","link":"https:\/\/kiosque.ecoledesponts.fr\/rapport-activite-2021\/chercher-et-innover\/industrie-du-futur\/fil-conducteur-2021\/","title":{"rendered":"Fil conducteur 2021"},"content":{"rendered":"<!-- wp:themify-builder\/canvas \/-->\n\n<h2>OPTIMISER L\u2019USAGE ET LA MAINTENANCE, D\u00c9VELOPPER LA PR\u00c9DICTION<\/h2>\n<h2><span class=\"txt_noir\">EN BREF<\/span><\/h2>\n<h3>PRINCIPAUX LABORATOIRES CONTRIBUTEURS<br><span class=\"txt_noir\">EN 2021<\/span><\/h3>\n<ul>\n<li>Centre d\u2019enseignement et de recherche en math\u00e9matiques et calcul scientifique (CERMICS) &#8211;<br>Directeur : Tony Leli\u00e8vre<\/li>\n<li>Laboratoire d\u2019informatique Gaspard-Monge (LIGM) &#8211;<br>Directeur : St\u00e9phane Vialette<\/li>\n<li>Laboratoire M\u00e9canique et physique des mat\u00e9riaux, des structures et des g\u00e9omat\u00e9riaux (Navier) &#8211;<br>Directeur : Jean Sulem<\/li>\n<\/ul>\n<h3>FORCE DE RECHERCHE<\/h3>\n<ul>\n<li>152 ETPR permanents<\/li>\n<li>211 doctorants et post-doctorants<\/li>\n<\/ul>\n<h3>LabEx<\/h3>\n<ul>\n<li>Mod\u00e8les et algorithmes : du discret au continu (B\u00e9zout)<\/li>\n<li>Mod\u00e9lisation et exp\u00e9rimentation multi-\u00e9chelles des mat\u00e9riaux pour la construction durable (MMCD)<\/li>\n<\/ul>\n<h3>\u00c9COLES DOCTORALES<\/h3>\n<ul>\n<li>Math\u00e9matiques, sciences et technologies de l\u2019information et de la communication (ED 532, Paris-Est Sup)<\/li>\n<li>Sciences de l\u2019ing\u00e9nieur et de l\u2019environnement (ED 531, Paris-Est Sup<\/li>\n<\/ul>","protected":false},"excerpt":{"rendered":"<p>OPTIMISER L\u2019USAGE ET LA MAINTENANCE, D\u00c9VELOPPER LA PR\u00c9DICTION EN BREF PRINCIPAUX LABORATOIRES CONTRIBUTEURSEN 2021 Centre d\u2019enseignement et de recherche en math\u00e9matiques et calcul scientifique (CERMICS) &#8211;Directeur : Tony Leli\u00e8vre Laboratoire d\u2019informatique Gaspard-Monge (LIGM) &#8211;Directeur : St\u00e9phane Vialette Laboratoire M\u00e9canique et physique des mat\u00e9riaux, des structures et des g\u00e9omat\u00e9riaux (Navier) &#8211;Directeur : Jean Sulem FORCE DE [&hellip;]<\/p>\n","protected":false},"author":1,"featured_media":0,"parent":761,"menu_order":0,"comment_status":"closed","ping_status":"closed","template":"page_orange.php","meta":[],"tags":[49,29],"acf":[],"yoast_head":"<!-- This site is optimized with the Yoast SEO plugin v21.1 - https:\/\/yoast.com\/wordpress\/plugins\/seo\/ -->\n<title>Fil conducteur 2021 - Rapport d&#039;activit\u00e9 2021<\/title>\n<meta name=\"robots\" content=\"index, follow, max-snippet:-1, max-image-preview:large, max-video-preview:-1\" \/>\n<link rel=\"canonical\" href=\"https:\/\/kiosque.ecoledesponts.fr\/rapport-activite-2021\/chercher-et-innover\/industrie-du-futur\/fil-conducteur-2021\/\" \/>\n<meta property=\"og:locale\" content=\"fr_FR\" \/>\n<meta property=\"og:type\" content=\"article\" \/>\n<meta property=\"og:title\" content=\"Fil conducteur 2021 - Rapport d&#039;activit\u00e9 2021\" \/>\n<meta property=\"og:description\" content=\"OPTIMISER L\u2019USAGE ET LA MAINTENANCE, D\u00c9VELOPPER LA PR\u00c9DICTION EN BREF PRINCIPAUX LABORATOIRES CONTRIBUTEURSEN 2021 Centre d\u2019enseignement et de recherche en math\u00e9matiques et calcul scientifique (CERMICS) &#8211;Directeur : Tony Leli\u00e8vre Laboratoire d\u2019informatique Gaspard-Monge (LIGM) &#8211;Directeur : St\u00e9phane Vialette Laboratoire M\u00e9canique et physique des mat\u00e9riaux, des structures et des g\u00e9omat\u00e9riaux (Navier) &#8211;Directeur : Jean Sulem FORCE DE [&hellip;]\" \/>\n<meta property=\"og:url\" content=\"https:\/\/kiosque.ecoledesponts.fr\/rapport-activite-2021\/chercher-et-innover\/industrie-du-futur\/fil-conducteur-2021\/\" \/>\n<meta property=\"og:site_name\" content=\"Rapport d&#039;activit\u00e9 2021\" \/>\n<meta property=\"article:modified_time\" content=\"2023-01-02T15:25:34+00:00\" \/>\n<meta name=\"twitter:card\" content=\"summary_large_image\" \/>\n<meta name=\"twitter:label1\" content=\"Dur\u00e9e de lecture estim\u00e9e\" \/>\n\t<meta name=\"twitter:data1\" content=\"1 minute\" \/>\n<script type=\"application\/ld+json\" class=\"yoast-schema-graph\">{\"@context\":\"https:\/\/schema.org\",\"@graph\":[{\"@type\":\"WebPage\",\"@id\":\"https:\/\/kiosque.ecoledesponts.fr\/rapport-activite-2021\/chercher-et-innover\/industrie-du-futur\/fil-conducteur-2021\/\",\"url\":\"https:\/\/kiosque.ecoledesponts.fr\/rapport-activite-2021\/chercher-et-innover\/industrie-du-futur\/fil-conducteur-2021\/\",\"name\":\"Fil conducteur 2021 - Rapport d'activit\u00e9 2021\",\"isPartOf\":{\"@id\":\"https:\/\/kiosque.ecoledesponts.fr\/rapport-activite-2021\/#website\"},\"datePublished\":\"2022-08-09T08:53:25+00:00\",\"dateModified\":\"2023-01-02T15:25:34+00:00\",\"breadcrumb\":{\"@id\":\"https:\/\/kiosque.ecoledesponts.fr\/rapport-activite-2021\/chercher-et-innover\/industrie-du-futur\/fil-conducteur-2021\/#breadcrumb\"},\"inLanguage\":\"fr-FR\",\"potentialAction\":[{\"@type\":\"ReadAction\",\"target\":[\"https:\/\/kiosque.ecoledesponts.fr\/rapport-activite-2021\/chercher-et-innover\/industrie-du-futur\/fil-conducteur-2021\/\"]}]},{\"@type\":\"BreadcrumbList\",\"@id\":\"https:\/\/kiosque.ecoledesponts.fr\/rapport-activite-2021\/chercher-et-innover\/industrie-du-futur\/fil-conducteur-2021\/#breadcrumb\",\"itemListElement\":[{\"@type\":\"ListItem\",\"position\":1,\"name\":\"Accueil\",\"item\":\"https:\/\/kiosque.ecoledesponts.fr\/rapport-activite-2021\/\"},{\"@type\":\"ListItem\",\"position\":2,\"name\":\"Chercher et innover\",\"item\":\"https:\/\/kiosque.ecoledesponts.fr\/rapport-activite-2021\/chercher-et-innover\/\"},{\"@type\":\"ListItem\",\"position\":3,\"name\":\"Industrie du futur\",\"item\":\"https:\/\/kiosque.ecoledesponts.fr\/rapport-activite-2021\/chercher-et-innover\/industrie-du-futur\/\"},{\"@type\":\"ListItem\",\"position\":4,\"name\":\"Fil conducteur 2021\"}]},{\"@type\":\"WebSite\",\"@id\":\"https:\/\/kiosque.ecoledesponts.fr\/rapport-activite-2021\/#website\",\"url\":\"https:\/\/kiosque.ecoledesponts.fr\/rapport-activite-2021\/\",\"name\":\"Rapport d'activit\u00e9 2021\",\"description\":\"Un site utilisant Les sites du kiosque des ponts\",\"potentialAction\":[{\"@type\":\"SearchAction\",\"target\":{\"@type\":\"EntryPoint\",\"urlTemplate\":\"https:\/\/kiosque.ecoledesponts.fr\/rapport-activite-2021\/?s={search_term_string}\"},\"query-input\":\"required name=search_term_string\"}],\"inLanguage\":\"fr-FR\"}]}<\/script>\n<!-- \/ Yoast SEO plugin. -->","yoast_head_json":{"title":"Fil conducteur 2021 - Rapport d'activit\u00e9 2021","robots":{"index":"index","follow":"follow","max-snippet":"max-snippet:-1","max-image-preview":"max-image-preview:large","max-video-preview":"max-video-preview:-1"},"canonical":"https:\/\/kiosque.ecoledesponts.fr\/rapport-activite-2021\/chercher-et-innover\/industrie-du-futur\/fil-conducteur-2021\/","og_locale":"fr_FR","og_type":"article","og_title":"Fil conducteur 2021 - Rapport d'activit\u00e9 2021","og_description":"OPTIMISER L\u2019USAGE ET LA MAINTENANCE, D\u00c9VELOPPER LA PR\u00c9DICTION EN BREF PRINCIPAUX LABORATOIRES CONTRIBUTEURSEN 2021 Centre d\u2019enseignement et de recherche en math\u00e9matiques et calcul scientifique (CERMICS) &#8211;Directeur : Tony Leli\u00e8vre Laboratoire d\u2019informatique Gaspard-Monge (LIGM) &#8211;Directeur : St\u00e9phane Vialette Laboratoire M\u00e9canique et physique des mat\u00e9riaux, des structures et des g\u00e9omat\u00e9riaux (Navier) &#8211;Directeur : Jean Sulem FORCE DE [&hellip;]","og_url":"https:\/\/kiosque.ecoledesponts.fr\/rapport-activite-2021\/chercher-et-innover\/industrie-du-futur\/fil-conducteur-2021\/","og_site_name":"Rapport d'activit\u00e9 2021","article_modified_time":"2023-01-02T15:25:34+00:00","twitter_card":"summary_large_image","twitter_misc":{"Dur\u00e9e de lecture estim\u00e9e":"1 minute"},"schema":{"@context":"https:\/\/schema.org","@graph":[{"@type":"WebPage","@id":"https:\/\/kiosque.ecoledesponts.fr\/rapport-activite-2021\/chercher-et-innover\/industrie-du-futur\/fil-conducteur-2021\/","url":"https:\/\/kiosque.ecoledesponts.fr\/rapport-activite-2021\/chercher-et-innover\/industrie-du-futur\/fil-conducteur-2021\/","name":"Fil conducteur 2021 - Rapport d'activit\u00e9 2021","isPartOf":{"@id":"https:\/\/kiosque.ecoledesponts.fr\/rapport-activite-2021\/#website"},"datePublished":"2022-08-09T08:53:25+00:00","dateModified":"2023-01-02T15:25:34+00:00","breadcrumb":{"@id":"https:\/\/kiosque.ecoledesponts.fr\/rapport-activite-2021\/chercher-et-innover\/industrie-du-futur\/fil-conducteur-2021\/#breadcrumb"},"inLanguage":"fr-FR","potentialAction":[{"@type":"ReadAction","target":["https:\/\/kiosque.ecoledesponts.fr\/rapport-activite-2021\/chercher-et-innover\/industrie-du-futur\/fil-conducteur-2021\/"]}]},{"@type":"BreadcrumbList","@id":"https:\/\/kiosque.ecoledesponts.fr\/rapport-activite-2021\/chercher-et-innover\/industrie-du-futur\/fil-conducteur-2021\/#breadcrumb","itemListElement":[{"@type":"ListItem","position":1,"name":"Accueil","item":"https:\/\/kiosque.ecoledesponts.fr\/rapport-activite-2021\/"},{"@type":"ListItem","position":2,"name":"Chercher et innover","item":"https:\/\/kiosque.ecoledesponts.fr\/rapport-activite-2021\/chercher-et-innover\/"},{"@type":"ListItem","position":3,"name":"Industrie du futur","item":"https:\/\/kiosque.ecoledesponts.fr\/rapport-activite-2021\/chercher-et-innover\/industrie-du-futur\/"},{"@type":"ListItem","position":4,"name":"Fil conducteur 2021"}]},{"@type":"WebSite","@id":"https:\/\/kiosque.ecoledesponts.fr\/rapport-activite-2021\/#website","url":"https:\/\/kiosque.ecoledesponts.fr\/rapport-activite-2021\/","name":"Rapport d'activit\u00e9 2021","description":"Un site utilisant Les sites du kiosque des ponts","potentialAction":[{"@type":"SearchAction","target":{"@type":"EntryPoint","urlTemplate":"https:\/\/kiosque.ecoledesponts.fr\/rapport-activite-2021\/?s={search_term_string}"},"query-input":"required name=search_term_string"}],"inLanguage":"fr-FR"}]}},"builder_content":"","_links":{"self":[{"href":"https:\/\/kiosque.ecoledesponts.fr\/rapport-activite-2021\/wp-json\/wp\/v2\/pages\/771"}],"collection":[{"href":"https:\/\/kiosque.ecoledesponts.fr\/rapport-activite-2021\/wp-json\/wp\/v2\/pages"}],"about":[{"href":"https:\/\/kiosque.ecoledesponts.fr\/rapport-activite-2021\/wp-json\/wp\/v2\/types\/page"}],"author":[{"embeddable":true,"href":"https:\/\/kiosque.ecoledesponts.fr\/rapport-activite-2021\/wp-json\/wp\/v2\/users\/1"}],"replies":[{"embeddable":true,"href":"https:\/\/kiosque.ecoledesponts.fr\/rapport-activite-2021\/wp-json\/wp\/v2\/comments?post=771"}],"version-history":[{"count":11,"href":"https:\/\/kiosque.ecoledesponts.fr\/rapport-activite-2021\/wp-json\/wp\/v2\/pages\/771\/revisions"}],"predecessor-version":[{"id":4209,"href":"https:\/\/kiosque.ecoledesponts.fr\/rapport-activite-2021\/wp-json\/wp\/v2\/pages\/771\/revisions\/4209"}],"up":[{"embeddable":true,"href":"https:\/\/kiosque.ecoledesponts.fr\/rapport-activite-2021\/wp-json\/wp\/v2\/pages\/761"}],"wp:attachment":[{"href":"https:\/\/kiosque.ecoledesponts.fr\/rapport-activite-2021\/wp-json\/wp\/v2\/media?parent=771"}],"wp:term":[{"taxonomy":"post_tag","embeddable":true,"href":"https:\/\/kiosque.ecoledesponts.fr\/rapport-activite-2021\/wp-json\/wp\/v2\/tags?post=771"}],"curies":[{"name":"wp","href":"https:\/\/api.w.org\/{rel}","templated":true}]}}