{"id":893,"date":"2022-08-09T12:38:25","date_gmt":"2022-08-09T10:38:25","guid":{"rendered":"http:\/\/kiosque.ecoledesponts.fr\/rapport-activite-2021\/?page_id=893"},"modified":"2023-01-02T16:34:36","modified_gmt":"2023-01-02T15:34:36","slug":"demarrage-du-projet-europeen-disco2-store","status":"publish","type":"page","link":"https:\/\/kiosque.ecoledesponts.fr\/rapport-activite-2021\/chercher-et-innover\/industrie-du-futur\/faits-marquants\/demarrage-du-projet-europeen-disco2-store\/","title":{"rendered":"D\u00e9marrage du projet europ\u00e9en Disco2 Store"},"content":{"rendered":"<!--themify_builder_content-->\n<div id=\"themify_builder_content-893\" data-postid=\"893\" class=\"themify_builder_content themify_builder_content-893 themify_builder tf_clear\">\n    <\/div>\n<!--\/themify_builder_content-->\n\n<p class=\"TXTCOURANT\">Men\u00e9 par un consortium de 12 institutions d\u2019Europe, d\u2019Am\u00e9rique du Sud et d\u2019entreprises priv\u00e9es, DISCO2 STORE consiste \u00e0 mieux comprendre les effets des discontinuit\u00e9s m\u00e9caniques souterraines et \u00e0 fournir de nouvelles connaissances et de nouveaux outils pour faire des op\u00e9rations de s\u00e9questration g\u00e9ologique du CO<sub>2<\/sub> une alternative plus s\u00fbre et plus accessible.<\/p>","protected":false},"excerpt":{"rendered":"<p>Men\u00e9 par un consortium de 12 institutions d\u2019Europe, d\u2019Am\u00e9rique du Sud et d\u2019entreprises priv\u00e9es, DISCO2 STORE consiste \u00e0 mieux comprendre les effets des discontinuit\u00e9s m\u00e9caniques souterraines et \u00e0 fournir de nouvelles connaissances et de nouveaux outils pour faire des op\u00e9rations de s\u00e9questration g\u00e9ologique du CO2 une alternative plus s\u00fbre et plus accessible.<\/p>\n","protected":false},"author":1,"featured_media":0,"parent":831,"menu_order":0,"comment_status":"closed","ping_status":"closed","template":"page_orange.php","meta":[],"tags":[49,53,29,39],"acf":[],"yoast_head":"<!-- This site is optimized with the Yoast SEO plugin v21.1 - https:\/\/yoast.com\/wordpress\/plugins\/seo\/ -->\n<title>D\u00e9marrage du projet europ\u00e9en Disco2 Store - Rapport d&#039;activit\u00e9 2021<\/title>\n<meta name=\"robots\" content=\"index, follow, max-snippet:-1, max-image-preview:large, max-video-preview:-1\" \/>\n<link rel=\"canonical\" href=\"https:\/\/kiosque.ecoledesponts.fr\/rapport-activite-2021\/chercher-et-innover\/industrie-du-futur\/faits-marquants\/demarrage-du-projet-europeen-disco2-store\/\" \/>\n<meta property=\"og:locale\" content=\"fr_FR\" \/>\n<meta property=\"og:type\" content=\"article\" \/>\n<meta property=\"og:title\" content=\"D\u00e9marrage du projet europ\u00e9en Disco2 Store - Rapport d&#039;activit\u00e9 2021\" \/>\n<meta property=\"og:description\" content=\"Men\u00e9 par un consortium de 12 institutions d\u2019Europe, d\u2019Am\u00e9rique du Sud et d\u2019entreprises priv\u00e9es, DISCO2 STORE consiste \u00e0 mieux comprendre les effets des discontinuit\u00e9s m\u00e9caniques souterraines et \u00e0 fournir de nouvelles connaissances et de nouveaux outils pour faire des op\u00e9rations de s\u00e9questration g\u00e9ologique du CO2 une alternative plus s\u00fbre et plus accessible.\" \/>\n<meta property=\"og:url\" content=\"https:\/\/kiosque.ecoledesponts.fr\/rapport-activite-2021\/chercher-et-innover\/industrie-du-futur\/faits-marquants\/demarrage-du-projet-europeen-disco2-store\/\" \/>\n<meta property=\"og:site_name\" content=\"Rapport d&#039;activit\u00e9 2021\" \/>\n<meta property=\"article:modified_time\" content=\"2023-01-02T15:34:36+00:00\" \/>\n<meta name=\"twitter:card\" content=\"summary_large_image\" \/>\n<script type=\"application\/ld+json\" class=\"yoast-schema-graph\">{\"@context\":\"https:\/\/schema.org\",\"@graph\":[{\"@type\":\"WebPage\",\"@id\":\"https:\/\/kiosque.ecoledesponts.fr\/rapport-activite-2021\/chercher-et-innover\/industrie-du-futur\/faits-marquants\/demarrage-du-projet-europeen-disco2-store\/\",\"url\":\"https:\/\/kiosque.ecoledesponts.fr\/rapport-activite-2021\/chercher-et-innover\/industrie-du-futur\/faits-marquants\/demarrage-du-projet-europeen-disco2-store\/\",\"name\":\"D\u00e9marrage du projet europ\u00e9en Disco2 Store - Rapport d'activit\u00e9 2021\",\"isPartOf\":{\"@id\":\"https:\/\/kiosque.ecoledesponts.fr\/rapport-activite-2021\/#website\"},\"datePublished\":\"2022-08-09T10:38:25+00:00\",\"dateModified\":\"2023-01-02T15:34:36+00:00\",\"breadcrumb\":{\"@id\":\"https:\/\/kiosque.ecoledesponts.fr\/rapport-activite-2021\/chercher-et-innover\/industrie-du-futur\/faits-marquants\/demarrage-du-projet-europeen-disco2-store\/#breadcrumb\"},\"inLanguage\":\"fr-FR\",\"potentialAction\":[{\"@type\":\"ReadAction\",\"target\":[\"https:\/\/kiosque.ecoledesponts.fr\/rapport-activite-2021\/chercher-et-innover\/industrie-du-futur\/faits-marquants\/demarrage-du-projet-europeen-disco2-store\/\"]}]},{\"@type\":\"BreadcrumbList\",\"@id\":\"https:\/\/kiosque.ecoledesponts.fr\/rapport-activite-2021\/chercher-et-innover\/industrie-du-futur\/faits-marquants\/demarrage-du-projet-europeen-disco2-store\/#breadcrumb\",\"itemListElement\":[{\"@type\":\"ListItem\",\"position\":1,\"name\":\"Accueil\",\"item\":\"https:\/\/kiosque.ecoledesponts.fr\/rapport-activite-2021\/\"},{\"@type\":\"ListItem\",\"position\":2,\"name\":\"Chercher et innover\",\"item\":\"https:\/\/kiosque.ecoledesponts.fr\/rapport-activite-2021\/chercher-et-innover\/\"},{\"@type\":\"ListItem\",\"position\":3,\"name\":\"Industrie du futur\",\"item\":\"https:\/\/kiosque.ecoledesponts.fr\/rapport-activite-2021\/chercher-et-innover\/industrie-du-futur\/\"},{\"@type\":\"ListItem\",\"position\":4,\"name\":\"Faits marquants\",\"item\":\"https:\/\/kiosque.ecoledesponts.fr\/rapport-activite-2021\/chercher-et-innover\/industrie-du-futur\/faits-marquants\/\"},{\"@type\":\"ListItem\",\"position\":5,\"name\":\"D\u00e9marrage du projet europ\u00e9en Disco2 Store\"}]},{\"@type\":\"WebSite\",\"@id\":\"https:\/\/kiosque.ecoledesponts.fr\/rapport-activite-2021\/#website\",\"url\":\"https:\/\/kiosque.ecoledesponts.fr\/rapport-activite-2021\/\",\"name\":\"Rapport d'activit\u00e9 2021\",\"description\":\"Un site utilisant Les sites du kiosque des ponts\",\"potentialAction\":[{\"@type\":\"SearchAction\",\"target\":{\"@type\":\"EntryPoint\",\"urlTemplate\":\"https:\/\/kiosque.ecoledesponts.fr\/rapport-activite-2021\/?s={search_term_string}\"},\"query-input\":\"required name=search_term_string\"}],\"inLanguage\":\"fr-FR\"}]}<\/script>\n<!-- \/ Yoast SEO plugin. -->","yoast_head_json":{"title":"D\u00e9marrage du projet europ\u00e9en Disco2 Store - Rapport d'activit\u00e9 2021","robots":{"index":"index","follow":"follow","max-snippet":"max-snippet:-1","max-image-preview":"max-image-preview:large","max-video-preview":"max-video-preview:-1"},"canonical":"https:\/\/kiosque.ecoledesponts.fr\/rapport-activite-2021\/chercher-et-innover\/industrie-du-futur\/faits-marquants\/demarrage-du-projet-europeen-disco2-store\/","og_locale":"fr_FR","og_type":"article","og_title":"D\u00e9marrage du projet europ\u00e9en Disco2 Store - Rapport d'activit\u00e9 2021","og_description":"Men\u00e9 par un consortium de 12 institutions d\u2019Europe, d\u2019Am\u00e9rique du Sud et d\u2019entreprises priv\u00e9es, DISCO2 STORE consiste \u00e0 mieux comprendre les effets des discontinuit\u00e9s m\u00e9caniques souterraines et \u00e0 fournir de nouvelles connaissances et de nouveaux outils pour faire des op\u00e9rations de s\u00e9questration g\u00e9ologique du CO2 une alternative plus s\u00fbre et plus accessible.","og_url":"https:\/\/kiosque.ecoledesponts.fr\/rapport-activite-2021\/chercher-et-innover\/industrie-du-futur\/faits-marquants\/demarrage-du-projet-europeen-disco2-store\/","og_site_name":"Rapport d'activit\u00e9 2021","article_modified_time":"2023-01-02T15:34:36+00:00","twitter_card":"summary_large_image","schema":{"@context":"https:\/\/schema.org","@graph":[{"@type":"WebPage","@id":"https:\/\/kiosque.ecoledesponts.fr\/rapport-activite-2021\/chercher-et-innover\/industrie-du-futur\/faits-marquants\/demarrage-du-projet-europeen-disco2-store\/","url":"https:\/\/kiosque.ecoledesponts.fr\/rapport-activite-2021\/chercher-et-innover\/industrie-du-futur\/faits-marquants\/demarrage-du-projet-europeen-disco2-store\/","name":"D\u00e9marrage du projet europ\u00e9en Disco2 Store - Rapport d'activit\u00e9 2021","isPartOf":{"@id":"https:\/\/kiosque.ecoledesponts.fr\/rapport-activite-2021\/#website"},"datePublished":"2022-08-09T10:38:25+00:00","dateModified":"2023-01-02T15:34:36+00:00","breadcrumb":{"@id":"https:\/\/kiosque.ecoledesponts.fr\/rapport-activite-2021\/chercher-et-innover\/industrie-du-futur\/faits-marquants\/demarrage-du-projet-europeen-disco2-store\/#breadcrumb"},"inLanguage":"fr-FR","potentialAction":[{"@type":"ReadAction","target":["https:\/\/kiosque.ecoledesponts.fr\/rapport-activite-2021\/chercher-et-innover\/industrie-du-futur\/faits-marquants\/demarrage-du-projet-europeen-disco2-store\/"]}]},{"@type":"BreadcrumbList","@id":"https:\/\/kiosque.ecoledesponts.fr\/rapport-activite-2021\/chercher-et-innover\/industrie-du-futur\/faits-marquants\/demarrage-du-projet-europeen-disco2-store\/#breadcrumb","itemListElement":[{"@type":"ListItem","position":1,"name":"Accueil","item":"https:\/\/kiosque.ecoledesponts.fr\/rapport-activite-2021\/"},{"@type":"ListItem","position":2,"name":"Chercher et innover","item":"https:\/\/kiosque.ecoledesponts.fr\/rapport-activite-2021\/chercher-et-innover\/"},{"@type":"ListItem","position":3,"name":"Industrie du futur","item":"https:\/\/kiosque.ecoledesponts.fr\/rapport-activite-2021\/chercher-et-innover\/industrie-du-futur\/"},{"@type":"ListItem","position":4,"name":"Faits marquants","item":"https:\/\/kiosque.ecoledesponts.fr\/rapport-activite-2021\/chercher-et-innover\/industrie-du-futur\/faits-marquants\/"},{"@type":"ListItem","position":5,"name":"D\u00e9marrage du projet europ\u00e9en Disco2 Store"}]},{"@type":"WebSite","@id":"https:\/\/kiosque.ecoledesponts.fr\/rapport-activite-2021\/#website","url":"https:\/\/kiosque.ecoledesponts.fr\/rapport-activite-2021\/","name":"Rapport d'activit\u00e9 2021","description":"Un site utilisant Les sites du kiosque des ponts","potentialAction":[{"@type":"SearchAction","target":{"@type":"EntryPoint","urlTemplate":"https:\/\/kiosque.ecoledesponts.fr\/rapport-activite-2021\/?s={search_term_string}"},"query-input":"required name=search_term_string"}],"inLanguage":"fr-FR"}]}},"builder_content":"","_links":{"self":[{"href":"https:\/\/kiosque.ecoledesponts.fr\/rapport-activite-2021\/wp-json\/wp\/v2\/pages\/893"}],"collection":[{"href":"https:\/\/kiosque.ecoledesponts.fr\/rapport-activite-2021\/wp-json\/wp\/v2\/pages"}],"about":[{"href":"https:\/\/kiosque.ecoledesponts.fr\/rapport-activite-2021\/wp-json\/wp\/v2\/types\/page"}],"author":[{"embeddable":true,"href":"https:\/\/kiosque.ecoledesponts.fr\/rapport-activite-2021\/wp-json\/wp\/v2\/users\/1"}],"replies":[{"embeddable":true,"href":"https:\/\/kiosque.ecoledesponts.fr\/rapport-activite-2021\/wp-json\/wp\/v2\/comments?post=893"}],"version-history":[{"count":3,"href":"https:\/\/kiosque.ecoledesponts.fr\/rapport-activite-2021\/wp-json\/wp\/v2\/pages\/893\/revisions"}],"predecessor-version":[{"id":899,"href":"https:\/\/kiosque.ecoledesponts.fr\/rapport-activite-2021\/wp-json\/wp\/v2\/pages\/893\/revisions\/899"}],"up":[{"embeddable":true,"href":"https:\/\/kiosque.ecoledesponts.fr\/rapport-activite-2021\/wp-json\/wp\/v2\/pages\/831"}],"wp:attachment":[{"href":"https:\/\/kiosque.ecoledesponts.fr\/rapport-activite-2021\/wp-json\/wp\/v2\/media?parent=893"}],"wp:term":[{"taxonomy":"post_tag","embeddable":true,"href":"https:\/\/kiosque.ecoledesponts.fr\/rapport-activite-2021\/wp-json\/wp\/v2\/tags?post=893"}],"curies":[{"name":"wp","href":"https:\/\/api.w.org\/{rel}","templated":true}]}}